{"id":2476,"date":"2019-08-30T17:09:25","date_gmt":"2019-08-30T17:09:25","guid":{"rendered":"https:\/\/www.mined.gob.ni\/biblioteca\/?post_type=product&#038;p=2476"},"modified":"2024-09-04T17:05:53","modified_gmt":"2024-09-04T15:05:53","slug":"debate-epistolar-en-sextextos-entre-ochomogo-y-silvestre-1811-1813","status":"publish","type":"product","link":"https:\/\/www.mined.gob.ni\/biblioteca\/product\/debate-epistolar-en-sextextos-entre-ochomogo-y-silvestre-1811-1813\/","title":{"rendered":"Debate epistolar en sextetos entre Ochomogo y Silvestre (1811 &#8211; 1813)"},"content":{"rendered":"<p><code><div class=\"_3d-flip-book  fb3d-fullscreen-mode full-size\" data-id=\"6280\" data-mode=\"fullscreen\" data-title=\"false\" data-template=\"short-white-book-view\" data-lightbox=\"dark\" data-urlparam=\"fb3d-page\" data-page-n=\"0\" data-pdf=\"\" data-tax=\"null\" data-thumbnail=\"\" data-cols=\"3\" data-query=\"\"><\/div><script type=\"text\/javascript\">window.FB3D_CLIENT_DATA = window.FB3D_CLIENT_DATA || [];window.FB3D_CLIENT_DATA.push('eyJwb3N0cyI6eyI2MjgwIjp7IklEIjo2MjgwLCJ0aXRsZSI6Ik5vLTMtRGViYXRlLUVwaXN0b2xhci0yMDE5LTEiLCJ0eXBlIjoicGRmIiwicmVhZHlfZnVuY3Rpb24iOiIiLCJib29rX3N0eWxlIjoiZmxhdCIsImRhdGEiOnsicG9zdF9JRCI6IjYyODEiLCJndWlkIjoiaHR0cHM6XC9cL3d3dy5taW5lZC5nb2IubmlcL2JpYmxpb3RlY2FcL3dwLWNvbnRlbnRcL3VwbG9hZHNcLzIwMjRcLzA5XC9Oby0zLURlYmF0ZS1FcGlzdG9sYXItMjAxOS0xLnBkZiIsInBkZl9wYWdlcyI6IjQ4IiwicGFnZXNfY3VzdG9taXphdGlvbiI6Im5vbmUifSwidGh1bWJuYWlsIjp7ImRhdGEiOnsicG9zdF9JRCI6IjAifSwidHlwZSI6ImF1dG8ifSwicHJvcHMiOnsiY2FjaGVkUGFnZXMiOiJhdXRvIiwicmVuZGVySW5hY3RpdmVQYWdlcyI6ImF1dG8iLCJyZW5kZXJJbmFjdGl2ZVBhZ2VzT25Nb2JpbGUiOiJhdXRvIiwicmVuZGVyV2hpbGVGbGlwcGluZyI6ImF1dG8iLCJwcmVsb2FkUGFnZXMiOiJhdXRvIiwicnRsIjoiYXV0byIsImludGVyYWN0aXZlQ29ybmVycyI6ImF1dG8iLCJzaGVldCI6eyJzdGFydFZlbG9jaXR5IjoiYXV0byIsIndhdmUiOiJhdXRvIiwic2hhcGUiOiJhdXRvIiwid2lkdGhUZXhlbHMiOiJhdXRvIiwiY29sb3IiOiJhdXRvIiwic2lkZSI6ImF1dG8iLCJjb3JuZXJEZXZpYXRpb24iOiJhdXRvIiwiZmxleGliaWxpdHkiOiJhdXRvIiwiZmxleGlibGVDb3JuZXIiOiJhdXRvIiwiYmVuZGluZyI6ImF1dG8iLCJoZWlnaHRUZXhlbHMiOiJhdXRvIn0sImNvdmVyIjp7IndhdmUiOiJhdXRvIiwiY29sb3IiOiJhdXRvIiwiYmluZGVyVGV4dHVyZSI6ImF1dG8iLCJkZXB0aCI6ImF1dG8iLCJwYWRkaW5nIjoiYXV0byIsInN0YXJ0VmVsb2NpdHkiOiJhdXRvIiwiZmxleGliaWxpdHkiOiJhdXRvIiwiZmxleGlibGVDb3JuZXIiOiJhdXRvIiwiYmVuZGluZyI6ImF1dG8iLCJ3aWR0aFRleGVscyI6ImF1dG8iLCJoZWlnaHRUZXhlbHMiOiJhdXRvIiwibWFzcyI6ImF1dG8iLCJzaWRlIjoiYXV0byIsInNoYXBlIjoiYXV0byJ9LCJwYWdlIjp7IndhdmUiOiJhdXRvIiwiY29sb3IiOiJhdXRvIiwiZGVwdGgiOiJhdXRvIiwic3RhcnRWZWxvY2l0eSI6ImF1dG8iLCJmbGV4aWJpbGl0eSI6ImF1dG8iLCJmbGV4aWJsZUNvcm5lciI6ImF1dG8iLCJiZW5kaW5nIjoiYXV0byIsIndpZHRoVGV4ZWxzIjoiYXV0byIsImhlaWdodFRleGVscyI6ImF1dG8iLCJtYXNzIjoiYXV0byIsInNpZGUiOiJhdXRvIiwic2hhcGUiOiJhdXRvIn0sImhlaWdodCI6ImF1dG8iLCJ3aWR0aCI6ImF1dG8iLCJncmF2aXR5IjoiYXV0byIsInBhZ2VzRm9yUHJlZGljdGluZyI6ImF1dG8ifSwiY29udHJvbFByb3BzIjp7ImFjdGlvbnMiOnsiY21kU2F2ZSI6eyJlbmFibGVkIjoiYXV0byIsImVuYWJsZWRJbk5hcnJvdyI6ImF1dG8ifSwiY21kUHJpbnQiOnsiZW5hYmxlZCI6ImF1dG8iLCJlbmFibGVkSW5OYXJyb3ciOiJhdXRvIn0sImNtZFNpbmdsZVBhZ2UiOnsiZW5hYmxlZCI6ImF1dG8iLCJlbmFibGVkSW5OYXJyb3ciOiJhdXRvIiwiYWN0aXZlIjoiYXV0byIsImFjdGl2ZUZvck1vYmlsZSI6ImF1dG8ifX19LCJhdXRvVGh1bWJuYWlsIjoiaHR0cHM6XC9cL3d3dy5taW5lZC5nb2IubmlcL2JpYmxpb3RlY2FcL3dwLWNvbnRlbnRcL3VwbG9hZHNcLzNkLWZsaXAtYm9va1wvYXV0by10aHVtYm5haWxzXC82MjgwLnBuZyIsInBvc3RfbmFtZSI6Im5vLTMtZGViYXRlLWVwaXN0b2xhci0yMDE5LTEiLCJwb3N0X3R5cGUiOiIzZC1mbGlwLWJvb2sifX0sInBhZ2VzIjpbXSwiZmlyc3RQYWdlcyI6W119');window.FB3D_CLIENT_LOCALE && window.FB3D_CLIENT_LOCALE.render();<\/script><br \/>\n<\/code><\/p>\n<p>&nbsp;<\/p>\n","protected":false},"excerpt":{"rendered":"<p>Debate Epistolar En Sextetos Entre Ochomogo Y Silvestre (1811-1813). -La Pol\u00ectica Criolla Pre-Independentista En Nicaragua<br \/>\nAutor: Clemente Guido Mart\u00ednez<\/p>\n<p>Foto de portada y contraportada: Tomadas de internet (no se conoce<br \/>\nFiestas Patrias, 15 de Septiembre 2019.<\/p>\n<p>Una producci\u00f3n de la Alcald\u00eda del Poder Ciudadano de Managua, a trav\u00e9s de la Direcci\u00f3n General de Desarrollo Humano y de su Direcci\u00f3n Espec\u00edfica de Cultura y Patrimonio Hist\u00f3rico. Fiestas Patrias a\u00f1o 2019.<\/p>\n<p>\u00a9 2019 Alcald\u00eda de Managua La Alcald\u00eda del Poder Ciudadano<br \/>\nsu autor\u00eda) .<\/p>\n<p>Fotos del documento original: Clemente Guido Mart\u00ednez.<\/p>\n<p>Dise\u00f1o y diagramaci\u00f3n: Octavio Morales Serrano.<\/p>\n<p>Dise\u00f1o de portada: MINED.<\/p>\n<p>Primera Edici\u00f3n Impresa: 2016.<\/p>\n<p>Primera Edici\u00f3n Digital: Septiembre 2010.<\/p>\n<p>Segunda Edici\u00f3n Digital: Septiembre 2019<\/p>\n","protected":false},"featured_media":6282,"template":"","meta":[],"product_cat":[260,243,81],"product_tag":[264],"class_list":["post-2476","product","type-product","status-publish","has-post-thumbnail","hentry","product_cat-coleccion-civica-y-patriotica","product_cat-escritor","product_cat-libros-digitales","product_tag-debate-epistolar"],"_links":{"self":[{"href":"https:\/\/www.mined.gob.ni\/biblioteca\/wp-json\/wp\/v2\/product\/2476","targetHints":{"allow":["GET"]}}],"collection":[{"href":"https:\/\/www.mined.gob.ni\/biblioteca\/wp-json\/wp\/v2\/product"}],"about":[{"href":"https:\/\/www.mined.gob.ni\/biblioteca\/wp-json\/wp\/v2\/types\/product"}],"version-history":[{"count":2,"href":"https:\/\/www.mined.gob.ni\/biblioteca\/wp-json\/wp\/v2\/product\/2476\/revisions"}],"predecessor-version":[{"id":6279,"href":"https:\/\/www.mined.gob.ni\/biblioteca\/wp-json\/wp\/v2\/product\/2476\/revisions\/6279"}],"wp:featuredmedia":[{"embeddable":true,"href":"https:\/\/www.mined.gob.ni\/biblioteca\/wp-json\/wp\/v2\/media\/6282"}],"wp:attachment":[{"href":"https:\/\/www.mined.gob.ni\/biblioteca\/wp-json\/wp\/v2\/media?parent=2476"}],"wp:term":[{"taxonomy":"product_cat","embeddable":true,"href":"https:\/\/www.mined.gob.ni\/biblioteca\/wp-json\/wp\/v2\/product_cat?post=2476"},{"taxonomy":"product_tag","embeddable":true,"href":"https:\/\/www.mined.gob.ni\/biblioteca\/wp-json\/wp\/v2\/product_tag?post=2476"}],"curies":[{"name":"wp","href":"https:\/\/api.w.org\/{rel}","templated":true}]}}

<p>Debate Epistolar En Sextetos Entre Ochomogo Y Silvestre (1811-1813). -La Polìtica Criolla Pre-Independentista En Nicaragua<br />
Autor: Clemente Guido Martínez</p>
<p>Foto de portada y contraportada: Tomadas de internet (no se conoce<br />
Fiestas Patrias, 15 de Septiembre 2019.</p>
<p>Una producción de la Alcaldía del Poder Ciudadano de Managua, a través de la Dirección General de Desarrollo Humano y de su Dirección Específica de Cultura y Patrimonio Histórico. Fiestas Patrias año 2019.</p>
<p>© 2019 Alcaldía de Managua La Alcaldía del Poder Ciudadano<br />
su autoría) .</p>
<p>Fotos del documento original: Clemente Guido Martínez.</p>
<p>Diseño y diagramación: Octavio Morales Serrano.</p>
<p>Diseño de portada: MINED.</p>
<p>Primera Edición Impresa: 2016.</p>
<p>Primera Edición Digital: Septiembre 2010.</p>
<p>Segunda Edición Digital: Septiembre 2019</p>
