{"id":2492,"date":"2019-08-30T17:26:31","date_gmt":"2019-08-30T17:26:31","guid":{"rendered":"https:\/\/www.mined.gob.ni\/biblioteca\/?post_type=product&#038;p=2492"},"modified":"2024-09-04T17:11:11","modified_gmt":"2024-09-04T15:11:11","slug":"general-jose-dolores-estrada-a-150-anos-del-paso-a-la-inmortalidad-1869","status":"publish","type":"product","link":"https:\/\/www.mined.gob.ni\/biblioteca\/product\/general-jose-dolores-estrada-a-150-anos-del-paso-a-la-inmortalidad-1869\/","title":{"rendered":"General Jos\u00e9 Dolores Estrada, a 150 a\u00f1os del paso a la Inmortalidad (1869)"},"content":{"rendered":"<div class=\"_3d-flip-book  fb3d-fullscreen-mode full-size\" data-id=\"6293\" data-mode=\"fullscreen\" data-title=\"false\" data-template=\"short-white-book-view\" data-lightbox=\"dark\" data-urlparam=\"fb3d-page\" data-page-n=\"0\" data-pdf=\"\" data-tax=\"null\" data-thumbnail=\"\" data-cols=\"3\" data-query=\"\"><\/div><script type=\"text\/javascript\">window.FB3D_CLIENT_DATA = window.FB3D_CLIENT_DATA || [];window.FB3D_CLIENT_DATA.push('eyJwb3N0cyI6eyI2MjkzIjp7IklEIjo2MjkzLCJ0aXRsZSI6Ik5vLTctR2VuZXJhbC1Kb3NlLURvbG9yZXMtRXN0cmFkYSIsInR5cGUiOiJwZGYiLCJyZWFkeV9mdW5jdGlvbiI6IiIsImJvb2tfc3R5bGUiOiJmbGF0IiwiZGF0YSI6eyJwb3N0X0lEIjoiNjI5NCIsImd1aWQiOiJodHRwczpcL1wvd3d3Lm1pbmVkLmdvYi5uaVwvYmlibGlvdGVjYVwvd3AtY29udGVudFwvdXBsb2Fkc1wvMjAyNFwvMDlcL05vLTctR2VuZXJhbC1Kb3NlLURvbG9yZXMtRXN0cmFkYS5wZGYiLCJwZGZfcGFnZXMiOiI0OSIsInBhZ2VzX2N1c3RvbWl6YXRpb24iOiJub25lIn0sInRodW1ibmFpbCI6eyJkYXRhIjp7InBvc3RfSUQiOiIwIn0sInR5cGUiOiJhdXRvIn0sInByb3BzIjp7ImNhY2hlZFBhZ2VzIjoiYXV0byIsInJlbmRlckluYWN0aXZlUGFnZXMiOiJhdXRvIiwicmVuZGVySW5hY3RpdmVQYWdlc09uTW9iaWxlIjoiYXV0byIsInJlbmRlcldoaWxlRmxpcHBpbmciOiJhdXRvIiwicHJlbG9hZFBhZ2VzIjoiYXV0byIsInJ0bCI6ImF1dG8iLCJpbnRlcmFjdGl2ZUNvcm5lcnMiOiJhdXRvIiwic2hlZXQiOnsic3RhcnRWZWxvY2l0eSI6ImF1dG8iLCJ3YXZlIjoiYXV0byIsInNoYXBlIjoiYXV0byIsIndpZHRoVGV4ZWxzIjoiYXV0byIsImNvbG9yIjoiYXV0byIsInNpZGUiOiJhdXRvIiwiY29ybmVyRGV2aWF0aW9uIjoiYXV0byIsImZsZXhpYmlsaXR5IjoiYXV0byIsImZsZXhpYmxlQ29ybmVyIjoiYXV0byIsImJlbmRpbmciOiJhdXRvIiwiaGVpZ2h0VGV4ZWxzIjoiYXV0byJ9LCJjb3ZlciI6eyJ3YXZlIjoiYXV0byIsImNvbG9yIjoiYXV0byIsImJpbmRlclRleHR1cmUiOiJhdXRvIiwiZGVwdGgiOiJhdXRvIiwicGFkZGluZyI6ImF1dG8iLCJzdGFydFZlbG9jaXR5IjoiYXV0byIsImZsZXhpYmlsaXR5IjoiYXV0byIsImZsZXhpYmxlQ29ybmVyIjoiYXV0byIsImJlbmRpbmciOiJhdXRvIiwid2lkdGhUZXhlbHMiOiJhdXRvIiwiaGVpZ2h0VGV4ZWxzIjoiYXV0byIsIm1hc3MiOiJhdXRvIiwic2lkZSI6ImF1dG8iLCJzaGFwZSI6ImF1dG8ifSwicGFnZSI6eyJ3YXZlIjoiYXV0byIsImNvbG9yIjoiYXV0byIsImRlcHRoIjoiYXV0byIsInN0YXJ0VmVsb2NpdHkiOiJhdXRvIiwiZmxleGliaWxpdHkiOiJhdXRvIiwiZmxleGlibGVDb3JuZXIiOiJhdXRvIiwiYmVuZGluZyI6ImF1dG8iLCJ3aWR0aFRleGVscyI6ImF1dG8iLCJoZWlnaHRUZXhlbHMiOiJhdXRvIiwibWFzcyI6ImF1dG8iLCJzaWRlIjoiYXV0byIsInNoYXBlIjoiYXV0byJ9LCJoZWlnaHQiOiJhdXRvIiwid2lkdGgiOiJhdXRvIiwiZ3Jhdml0eSI6ImF1dG8iLCJwYWdlc0ZvclByZWRpY3RpbmciOiJhdXRvIn0sImNvbnRyb2xQcm9wcyI6eyJhY3Rpb25zIjp7ImNtZFNhdmUiOnsiZW5hYmxlZCI6ImF1dG8iLCJlbmFibGVkSW5OYXJyb3ciOiJhdXRvIn0sImNtZFByaW50Ijp7ImVuYWJsZWQiOiJhdXRvIiwiZW5hYmxlZEluTmFycm93IjoiYXV0byJ9LCJjbWRTaW5nbGVQYWdlIjp7ImVuYWJsZWQiOiJhdXRvIiwiZW5hYmxlZEluTmFycm93IjoiYXV0byIsImFjdGl2ZSI6ImF1dG8iLCJhY3RpdmVGb3JNb2JpbGUiOiJhdXRvIn19fSwiYXV0b1RodW1ibmFpbCI6Imh0dHBzOlwvXC93d3cubWluZWQuZ29iLm5pXC9iaWJsaW90ZWNhXC93cC1jb250ZW50XC91cGxvYWRzXC8zZC1mbGlwLWJvb2tcL2F1dG8tdGh1bWJuYWlsc1wvNjI5My5wbmciLCJwb3N0X25hbWUiOiJuby03LWdlbmVyYWwtam9zZS1kb2xvcmVzLWVzdHJhZGEiLCJwb3N0X3R5cGUiOiIzZC1mbGlwLWJvb2sifX0sInBhZ2VzIjpbXSwiZmlyc3RQYWdlcyI6W119');window.FB3D_CLIENT_LOCALE && window.FB3D_CLIENT_LOCALE.render();<\/script>\n","protected":false},"excerpt":{"rendered":"<p>GENERAL JOS\u00c9 DOLORES ESTRADA:<\/p>\n<p>A 150 A\u00d1OS DE SU PASO A LA INMORTALIDAD (12 de agosto de 1869-2019).<\/p>\n<p>Una producci\u00f3n de la Alcald\u00eda del Poder Ciudadano de Managua, a trav\u00e9s de la Direcci\u00f3n General de Desarrollo Humano y de su Direcci\u00f3n Espec\u00edfica de Cultura y Patrimonio Hist\u00f3rico. \u00a9 2016 (primera edici\u00f3n impresa, 1,000 mil ejemplares).<\/p>\n<p>Alcald\u00eda de Managua<\/p>\n<p>La Alcald\u00eda del Poder Ciudadano \u00a9 2018 (primera edici\u00f3n digital, con la Ley Creadora de la Orden Jos\u00e9 Dolores Estrada y su normativa.<\/p>\n<p>Biblioteca Digital, Alcald\u00eda de Managua, agosto).<\/p>\n<p>Autor: Clemente Guido Mart\u00ednez<\/p>\n<p>Diagramaci\u00f3n: Octavio Morales S.<\/p>\n<p>Dise\u00f1o de Portada: MINED.<\/p>\n","protected":false},"featured_media":6295,"template":"","meta":[],"product_cat":[260,243,81],"product_tag":[],"class_list":["post-2492","product","type-product","status-publish","has-post-thumbnail","hentry","product_cat-coleccion-civica-y-patriotica","product_cat-escritor","product_cat-libros-digitales"],"_links":{"self":[{"href":"https:\/\/www.mined.gob.ni\/biblioteca\/wp-json\/wp\/v2\/product\/2492","targetHints":{"allow":["GET"]}}],"collection":[{"href":"https:\/\/www.mined.gob.ni\/biblioteca\/wp-json\/wp\/v2\/product"}],"about":[{"href":"https:\/\/www.mined.gob.ni\/biblioteca\/wp-json\/wp\/v2\/types\/product"}],"version-history":[{"count":2,"href":"https:\/\/www.mined.gob.ni\/biblioteca\/wp-json\/wp\/v2\/product\/2492\/revisions"}],"predecessor-version":[{"id":6297,"href":"https:\/\/www.mined.gob.ni\/biblioteca\/wp-json\/wp\/v2\/product\/2492\/revisions\/6297"}],"wp:featuredmedia":[{"embeddable":true,"href":"https:\/\/www.mined.gob.ni\/biblioteca\/wp-json\/wp\/v2\/media\/6295"}],"wp:attachment":[{"href":"https:\/\/www.mined.gob.ni\/biblioteca\/wp-json\/wp\/v2\/media?parent=2492"}],"wp:term":[{"taxonomy":"product_cat","embeddable":true,"href":"https:\/\/www.mined.gob.ni\/biblioteca\/wp-json\/wp\/v2\/product_cat?post=2492"},{"taxonomy":"product_tag","embeddable":true,"href":"https:\/\/www.mined.gob.ni\/biblioteca\/wp-json\/wp\/v2\/product_tag?post=2492"}],"curies":[{"name":"wp","href":"https:\/\/api.w.org\/{rel}","templated":true}]}}

General José Dolores Estrada, a 150 años del paso a la Inmortalidad (1869)

<p>GENERAL JOSÉ DOLORES ESTRADA:</p>
<p>A 150 AÑOS DE SU PASO A LA INMORTALIDAD (12 de agosto de 1869-2019).</p>
<p>Una producción de la Alcaldía del Poder Ciudadano de Managua, a través de la Dirección General de Desarrollo Humano y de su Dirección Específica de Cultura y Patrimonio Histórico. © 2016 (primera edición impresa, 1,000 mil ejemplares).</p>
<p>Alcaldía de Managua</p>
<p>La Alcaldía del Poder Ciudadano © 2018 (primera edición digital, con la Ley Creadora de la Orden José Dolores Estrada y su normativa.</p>
<p>Biblioteca Digital, Alcaldía de Managua, agosto).</p>
<p>Autor: Clemente Guido Martínez</p>
<p>Diagramación: Octavio Morales S.</p>
<p>Diseño de Portada: MINED.</p>
