{"id":2513,"date":"2019-08-30T22:22:18","date_gmt":"2019-08-30T22:22:18","guid":{"rendered":"https:\/\/www.mined.gob.ni\/biblioteca\/?post_type=product&#038;p=2513"},"modified":"2024-09-04T18:35:36","modified_gmt":"2024-09-04T16:35:36","slug":"escudos-de-armas","status":"publish","type":"product","link":"https:\/\/www.mined.gob.ni\/biblioteca\/product\/escudos-de-armas\/","title":{"rendered":"ESCUDOS DE ARMAS COLONIALES DE NICARAGUA Y NORMATIVAS SOBRE EL USO DE LA BANDERA NACIONAL DE NICARAGUA"},"content":{"rendered":"<div class=\"_3d-flip-book  fb3d-fullscreen-mode full-size\" data-id=\"6314\" data-mode=\"fullscreen\" data-title=\"false\" data-template=\"short-white-book-view\" data-lightbox=\"dark\" data-urlparam=\"fb3d-page\" data-page-n=\"0\" data-pdf=\"\" data-tax=\"null\" data-thumbnail=\"\" data-cols=\"3\" data-query=\"\"><\/div><script type=\"text\/javascript\">window.FB3D_CLIENT_DATA = window.FB3D_CLIENT_DATA || [];window.FB3D_CLIENT_DATA.push('eyJwb3N0cyI6eyI2MzE0Ijp7IklEIjo2MzE0LCJ0aXRsZSI6Ik5vLTEyLUVzY3Vkb3MtZGUtYXJtYXMtY29sb25pYWxlcy1kZS1OaWNhcmFndWEucGRmIiwidHlwZSI6InBkZiIsInJlYWR5X2Z1bmN0aW9uIjoiIiwiYm9va19zdHlsZSI6ImZsYXQiLCJkYXRhIjp7InBvc3RfSUQiOiI2MzE1IiwiZ3VpZCI6Imh0dHBzOlwvXC93d3cubWluZWQuZ29iLm5pXC9iaWJsaW90ZWNhXC93cC1jb250ZW50XC91cGxvYWRzXC8yMDI0XC8wOVwvTm8tMTItRXNjdWRvcy1kZS1hcm1hcy1jb2xvbmlhbGVzLWRlLU5pY2FyYWd1YS5wZGYiLCJwZGZfcGFnZXMiOiI1MiIsInBhZ2VzX2N1c3RvbWl6YXRpb24iOiJub25lIn0sInRodW1ibmFpbCI6eyJkYXRhIjp7InBvc3RfSUQiOiIwIn0sInR5cGUiOiJhdXRvIn0sInByb3BzIjp7ImNhY2hlZFBhZ2VzIjoiYXV0byIsInJlbmRlckluYWN0aXZlUGFnZXMiOiJhdXRvIiwicmVuZGVySW5hY3RpdmVQYWdlc09uTW9iaWxlIjoiYXV0byIsInJlbmRlcldoaWxlRmxpcHBpbmciOiJhdXRvIiwicHJlbG9hZFBhZ2VzIjoiYXV0byIsInJ0bCI6ImF1dG8iLCJpbnRlcmFjdGl2ZUNvcm5lcnMiOiJhdXRvIiwic2hlZXQiOnsic3RhcnRWZWxvY2l0eSI6ImF1dG8iLCJ3YXZlIjoiYXV0byIsInNoYXBlIjoiYXV0byIsIndpZHRoVGV4ZWxzIjoiYXV0byIsImNvbG9yIjoiYXV0byIsInNpZGUiOiJhdXRvIiwiY29ybmVyRGV2aWF0aW9uIjoiYXV0byIsImZsZXhpYmlsaXR5IjoiYXV0byIsImZsZXhpYmxlQ29ybmVyIjoiYXV0byIsImJlbmRpbmciOiJhdXRvIiwiaGVpZ2h0VGV4ZWxzIjoiYXV0byJ9LCJjb3ZlciI6eyJ3YXZlIjoiYXV0byIsImNvbG9yIjoiYXV0byIsImJpbmRlclRleHR1cmUiOiJhdXRvIiwiZGVwdGgiOiJhdXRvIiwicGFkZGluZyI6ImF1dG8iLCJzdGFydFZlbG9jaXR5IjoiYXV0byIsImZsZXhpYmlsaXR5IjoiYXV0byIsImZsZXhpYmxlQ29ybmVyIjoiYXV0byIsImJlbmRpbmciOiJhdXRvIiwid2lkdGhUZXhlbHMiOiJhdXRvIiwiaGVpZ2h0VGV4ZWxzIjoiYXV0byIsIm1hc3MiOiJhdXRvIiwic2lkZSI6ImF1dG8iLCJzaGFwZSI6ImF1dG8ifSwicGFnZSI6eyJ3YXZlIjoiYXV0byIsImNvbG9yIjoiYXV0byIsImRlcHRoIjoiYXV0byIsInN0YXJ0VmVsb2NpdHkiOiJhdXRvIiwiZmxleGliaWxpdHkiOiJhdXRvIiwiZmxleGlibGVDb3JuZXIiOiJhdXRvIiwiYmVuZGluZyI6ImF1dG8iLCJ3aWR0aFRleGVscyI6ImF1dG8iLCJoZWlnaHRUZXhlbHMiOiJhdXRvIiwibWFzcyI6ImF1dG8iLCJzaWRlIjoiYXV0byIsInNoYXBlIjoiYXV0byJ9LCJoZWlnaHQiOiJhdXRvIiwid2lkdGgiOiJhdXRvIiwiZ3Jhdml0eSI6ImF1dG8iLCJwYWdlc0ZvclByZWRpY3RpbmciOiJhdXRvIn0sImNvbnRyb2xQcm9wcyI6eyJhY3Rpb25zIjp7ImNtZFNhdmUiOnsiZW5hYmxlZCI6ImF1dG8iLCJlbmFibGVkSW5OYXJyb3ciOiJhdXRvIn0sImNtZFByaW50Ijp7ImVuYWJsZWQiOiJhdXRvIiwiZW5hYmxlZEluTmFycm93IjoiYXV0byJ9LCJjbWRTaW5nbGVQYWdlIjp7ImVuYWJsZWQiOiJhdXRvIiwiZW5hYmxlZEluTmFycm93IjoiYXV0byIsImFjdGl2ZSI6ImF1dG8iLCJhY3RpdmVGb3JNb2JpbGUiOiJhdXRvIn19fSwiYXV0b1RodW1ibmFpbCI6Imh0dHBzOlwvXC93d3cubWluZWQuZ29iLm5pXC9iaWJsaW90ZWNhXC93cC1jb250ZW50XC91cGxvYWRzXC8zZC1mbGlwLWJvb2tcL2F1dG8tdGh1bWJuYWlsc1wvNjMxNC5wbmciLCJwb3N0X25hbWUiOiJuby0xMi1lc2N1ZG9zLWRlLWFybWFzLWNvbG9uaWFsZXMtZGUtbmljYXJhZ3VhLXBkZiIsInBvc3RfdHlwZSI6IjNkLWZsaXAtYm9vayJ9fSwicGFnZXMiOltdLCJmaXJzdFBhZ2VzIjpbXX0=');window.FB3D_CLIENT_LOCALE && window.FB3D_CLIENT_LOCALE.render();<\/script>\n","protected":false},"excerpt":{"rendered":"<p>DIRECTORIO<\/p>\n<p>La presente Revista digital, sale a ala luz bajo el cuido editorial de la Direcci\u00f3n de Cultura y Patrimonio Hist\u00f3rico de la Alcald\u00eda de Managua, rinde homenaje a la Bandera nacional de la rep\u00fablica de nicaragua, creada legalmente en el a\u00f1o 1908.<\/p>\n<p>CR\u00c9DITOS.<\/p>\n<p>Dibujos usados en esta revista: Marina, esposa del Lic. Jos\u00e9 S. P\u00e9rez Palma, autor del libro \u201cDivulgaciones acerca del uso de los s\u00edmbolos patrios\u201d<\/p>\n<p>Recopilaci\u00f3n Documental y Cuido Editorial: Lic. Clemente Guido Mart\u00ednez.<\/p>\n<p>Diagramaci\u00f3n: Cro. Octavio Morales.<\/p>\n<p>Dise\u00f1o de Portada: MINED<\/p>\n<p>Managua, Nicaragua. Septiembre del 2019.<\/p>\n<p>Edici\u00f3n Digital de la Alcald\u00eda de Managua<\/p>\n","protected":false},"featured_media":6316,"template":"","meta":[],"product_cat":[260,243,81],"product_tag":[],"class_list":["post-2513","product","type-product","status-publish","has-post-thumbnail","hentry","product_cat-coleccion-civica-y-patriotica","product_cat-escritor","product_cat-libros-digitales"],"_links":{"self":[{"href":"https:\/\/www.mined.gob.ni\/biblioteca\/wp-json\/wp\/v2\/product\/2513","targetHints":{"allow":["GET"]}}],"collection":[{"href":"https:\/\/www.mined.gob.ni\/biblioteca\/wp-json\/wp\/v2\/product"}],"about":[{"href":"https:\/\/www.mined.gob.ni\/biblioteca\/wp-json\/wp\/v2\/types\/product"}],"version-history":[{"count":2,"href":"https:\/\/www.mined.gob.ni\/biblioteca\/wp-json\/wp\/v2\/product\/2513\/revisions"}],"predecessor-version":[{"id":6317,"href":"https:\/\/www.mined.gob.ni\/biblioteca\/wp-json\/wp\/v2\/product\/2513\/revisions\/6317"}],"wp:featuredmedia":[{"embeddable":true,"href":"https:\/\/www.mined.gob.ni\/biblioteca\/wp-json\/wp\/v2\/media\/6316"}],"wp:attachment":[{"href":"https:\/\/www.mined.gob.ni\/biblioteca\/wp-json\/wp\/v2\/media?parent=2513"}],"wp:term":[{"taxonomy":"product_cat","embeddable":true,"href":"https:\/\/www.mined.gob.ni\/biblioteca\/wp-json\/wp\/v2\/product_cat?post=2513"},{"taxonomy":"product_tag","embeddable":true,"href":"https:\/\/www.mined.gob.ni\/biblioteca\/wp-json\/wp\/v2\/product_tag?post=2513"}],"curies":[{"name":"wp","href":"https:\/\/api.w.org\/{rel}","templated":true}]}}

<p>DIRECTORIO</p>
<p>La presente Revista digital, sale a ala luz bajo el cuido editorial de la Dirección de Cultura y Patrimonio Histórico de la Alcaldía de Managua, rinde homenaje a la Bandera nacional de la república de nicaragua, creada legalmente en el año 1908.</p>
<p>CRÉDITOS.</p>
<p>Dibujos usados en esta revista: Marina, esposa del Lic. José S. Pérez Palma, autor del libro “Divulgaciones acerca del uso de los símbolos patrios”</p>
<p>Recopilación Documental y Cuido Editorial: Lic. Clemente Guido Martínez.</p>
<p>Diagramación: Cro. Octavio Morales.</p>
<p>Diseño de Portada: MINED</p>
<p>Managua, Nicaragua. Septiembre del 2019.</p>
<p>Edición Digital de la Alcaldía de Managua</p>
