{"id":2657,"date":"2020-01-22T22:51:21","date_gmt":"2020-01-22T22:51:21","guid":{"rendered":"https:\/\/www.mined.gob.ni\/biblioteca\/?post_type=product&#038;p=2657"},"modified":"2024-08-08T23:59:51","modified_gmt":"2024-08-08T21:59:51","slug":"ruben-dario-su-infancia-y-la-patria","status":"publish","type":"product","link":"https:\/\/www.mined.gob.ni\/biblioteca\/product\/ruben-dario-su-infancia-y-la-patria\/","title":{"rendered":"Rub\u00e9n Dar\u00edo, Su Infancia y La Patria."},"content":{"rendered":"<div class=\"_3d-flip-book  fb3d-fullscreen-mode full-size\" data-id=\"5481\" data-mode=\"fullscreen\" data-title=\"false\" data-template=\"short-white-book-view\" data-lightbox=\"dark\" data-urlparam=\"fb3d-page\" data-page-n=\"0\" data-pdf=\"\" data-tax=\"null\" data-thumbnail=\"\" data-cols=\"3\" data-query=\"\"><\/div><script type=\"text\/javascript\">window.FB3D_CLIENT_DATA = window.FB3D_CLIENT_DATA || [];window.FB3D_CLIENT_DATA.push('eyJwb3N0cyI6eyI1NDgxIjp7IklEIjo1NDgxLCJ0aXRsZSI6IlJ1Ylx1MDBlOW4gRGFyXHUwMGVkbyB5IHN1IGluZmFuY2lhIHkgbGEgcGF0cmlhIiwidHlwZSI6InBkZiIsInJlYWR5X2Z1bmN0aW9uIjoiIiwiYm9va19zdHlsZSI6ImZsYXQiLCJkYXRhIjp7InBvc3RfSUQiOiI1NDgyIiwiZ3VpZCI6Imh0dHBzOlwvXC93d3cubWluZWQuZ29iLm5pXC9iaWJsaW90ZWNhXC93cC1jb250ZW50XC91cGxvYWRzXC8yMDI0XC8wOFwvcnViZW4tZGFyaW8ucGRmIiwicGRmX3BhZ2VzIjoiNTciLCJwYWdlc19jdXN0b21pemF0aW9uIjoibm9uZSJ9LCJ0aHVtYm5haWwiOnsiZGF0YSI6eyJwb3N0X0lEIjoiMCJ9LCJ0eXBlIjoiYXV0byJ9LCJwcm9wcyI6eyJjYWNoZWRQYWdlcyI6ImF1dG8iLCJyZW5kZXJJbmFjdGl2ZVBhZ2VzIjoiYXV0byIsInJlbmRlckluYWN0aXZlUGFnZXNPbk1vYmlsZSI6ImF1dG8iLCJyZW5kZXJXaGlsZUZsaXBwaW5nIjoiYXV0byIsInByZWxvYWRQYWdlcyI6ImF1dG8iLCJydGwiOiJhdXRvIiwiaW50ZXJhY3RpdmVDb3JuZXJzIjoiYXV0byIsInNoZWV0Ijp7InN0YXJ0VmVsb2NpdHkiOiJhdXRvIiwid2F2ZSI6ImF1dG8iLCJzaGFwZSI6ImF1dG8iLCJ3aWR0aFRleGVscyI6ImF1dG8iLCJjb2xvciI6ImF1dG8iLCJzaWRlIjoiYXV0byIsImNvcm5lckRldmlhdGlvbiI6ImF1dG8iLCJmbGV4aWJpbGl0eSI6ImF1dG8iLCJmbGV4aWJsZUNvcm5lciI6ImF1dG8iLCJiZW5kaW5nIjoiYXV0byIsImhlaWdodFRleGVscyI6ImF1dG8ifSwiY292ZXIiOnsid2F2ZSI6ImF1dG8iLCJjb2xvciI6ImF1dG8iLCJiaW5kZXJUZXh0dXJlIjoiYXV0byIsImRlcHRoIjoiYXV0byIsInBhZGRpbmciOiJhdXRvIiwic3RhcnRWZWxvY2l0eSI6ImF1dG8iLCJmbGV4aWJpbGl0eSI6ImF1dG8iLCJmbGV4aWJsZUNvcm5lciI6ImF1dG8iLCJiZW5kaW5nIjoiYXV0byIsIndpZHRoVGV4ZWxzIjoiYXV0byIsImhlaWdodFRleGVscyI6ImF1dG8iLCJtYXNzIjoiYXV0byIsInNpZGUiOiJhdXRvIiwic2hhcGUiOiJhdXRvIn0sInBhZ2UiOnsid2F2ZSI6ImF1dG8iLCJjb2xvciI6ImF1dG8iLCJkZXB0aCI6ImF1dG8iLCJzdGFydFZlbG9jaXR5IjoiYXV0byIsImZsZXhpYmlsaXR5IjoiYXV0byIsImZsZXhpYmxlQ29ybmVyIjoiYXV0byIsImJlbmRpbmciOiJhdXRvIiwid2lkdGhUZXhlbHMiOiJhdXRvIiwiaGVpZ2h0VGV4ZWxzIjoiYXV0byIsIm1hc3MiOiJhdXRvIiwic2lkZSI6ImF1dG8iLCJzaGFwZSI6ImF1dG8ifSwiaGVpZ2h0IjoiYXV0byIsIndpZHRoIjoiYXV0byIsImdyYXZpdHkiOiJhdXRvIiwicGFnZXNGb3JQcmVkaWN0aW5nIjoiYXV0byJ9LCJjb250cm9sUHJvcHMiOnsiYWN0aW9ucyI6eyJjbWRTYXZlIjp7ImVuYWJsZWQiOiJhdXRvIiwiZW5hYmxlZEluTmFycm93IjoiYXV0byJ9LCJjbWRQcmludCI6eyJlbmFibGVkIjoiYXV0byIsImVuYWJsZWRJbk5hcnJvdyI6ImF1dG8ifSwiY21kU2luZ2xlUGFnZSI6eyJlbmFibGVkIjoiYXV0byIsImVuYWJsZWRJbk5hcnJvdyI6ImF1dG8iLCJhY3RpdmUiOiJhdXRvIiwiYWN0aXZlRm9yTW9iaWxlIjoiYXV0byJ9fX0sImF1dG9UaHVtYm5haWwiOiJodHRwczpcL1wvd3d3Lm1pbmVkLmdvYi5uaVwvYmlibGlvdGVjYVwvd3AtY29udGVudFwvdXBsb2Fkc1wvM2QtZmxpcC1ib29rXC9hdXRvLXRodW1ibmFpbHNcLzU0ODEucG5nIiwicG9zdF9uYW1lIjoicnViZW4tZGFyaW8teS1zdS1pbmZhbmNpYS15LWxhLXBhdHJpYSIsInBvc3RfdHlwZSI6IjNkLWZsaXAtYm9vayJ9fSwicGFnZXMiOltdLCJmaXJzdFBhZ2VzIjpbXX0=');window.FB3D_CLIENT_LOCALE && window.FB3D_CLIENT_LOCALE.render();<\/script>\n","protected":false},"excerpt":{"rendered":"<p>Rub\u00e9n Dar\u00edo, Su Infancia y La Patria.<\/p>\n<p>La Alcald\u00eda del Poder Ciudadano colaborando con el Ministerio de Educaci\u00f3n de la Rep\u00fablica de Nicaragua. Una contribuci\u00f3n a la educaci\u00f3n de nuestros maestros y estudiantes . Colecci\u00f3n<br \/>\nRub\u00e9n Dar\u00edo No. 6, Enero del 2020. JORNADA DARIANA.<\/p>\n<p>Una producci\u00f3n de la Alcald\u00eda del Poder Ciudadano de Managua a trav\u00e9s de la Direcci\u00f3n de Cultura y Patrimonio HIst\u00f3rico municipal, adscrita a la Direcci\u00f3n General de Desarrollo Humano.<\/p>\n<p>Autores:<br \/>\nLic. Miguel \u00c1ngel B\u00fcitrago.<br \/>\nLe\u00f3n, 2017;<br \/>\nThomas Ballantini Irving,<br \/>\nUSA,1959.<br \/>\nSupervisi\u00f3n y cuido editorial:<br \/>\nLic. Clemente Guido Mart\u00ednez.<br \/>\nArte y dise\u00f1o:<br \/>\nOctavio Morales S.<\/p>\n","protected":false},"featured_media":5483,"template":"","meta":[],"product_cat":[266,81,190,103],"product_tag":[188],"class_list":["post-2657","product","type-product","status-publish","has-post-thumbnail","hentry","product_cat-coleccion-cantos-de-vida-y-esperanza","product_cat-libros-digitales","product_cat-poetas","product_cat-ruben-dario","product_tag-ruben-dario"],"_links":{"self":[{"href":"https:\/\/www.mined.gob.ni\/biblioteca\/wp-json\/wp\/v2\/product\/2657","targetHints":{"allow":["GET"]}}],"collection":[{"href":"https:\/\/www.mined.gob.ni\/biblioteca\/wp-json\/wp\/v2\/product"}],"about":[{"href":"https:\/\/www.mined.gob.ni\/biblioteca\/wp-json\/wp\/v2\/types\/product"}],"version-history":[{"count":1,"href":"https:\/\/www.mined.gob.ni\/biblioteca\/wp-json\/wp\/v2\/product\/2657\/revisions"}],"predecessor-version":[{"id":5484,"href":"https:\/\/www.mined.gob.ni\/biblioteca\/wp-json\/wp\/v2\/product\/2657\/revisions\/5484"}],"wp:featuredmedia":[{"embeddable":true,"href":"https:\/\/www.mined.gob.ni\/biblioteca\/wp-json\/wp\/v2\/media\/5483"}],"wp:attachment":[{"href":"https:\/\/www.mined.gob.ni\/biblioteca\/wp-json\/wp\/v2\/media?parent=2657"}],"wp:term":[{"taxonomy":"product_cat","embeddable":true,"href":"https:\/\/www.mined.gob.ni\/biblioteca\/wp-json\/wp\/v2\/product_cat?post=2657"},{"taxonomy":"product_tag","embeddable":true,"href":"https:\/\/www.mined.gob.ni\/biblioteca\/wp-json\/wp\/v2\/product_tag?post=2657"}],"curies":[{"name":"wp","href":"https:\/\/api.w.org\/{rel}","templated":true}]}}

Rubén Darío, Su Infancia y La Patria.

<p>Rubén Darío, Su Infancia y La Patria.</p>
<p>La Alcaldía del Poder Ciudadano colaborando con el Ministerio de Educación de la República de Nicaragua. Una contribución a la educación de nuestros maestros y estudiantes . Colección<br />
Rubén Darío No. 6, Enero del 2020. JORNADA DARIANA.</p>
<p>Una producción de la Alcaldía del Poder Ciudadano de Managua a través de la Dirección de Cultura y Patrimonio HIstórico municipal, adscrita a la Dirección General de Desarrollo Humano.</p>
<p>Autores:<br />
Lic. Miguel Ángel Büitrago.<br />
León, 2017;<br />
Thomas Ballantini Irving,<br />
USA,1959.<br />
Supervisión y cuido editorial:<br />
Lic. Clemente Guido Martínez.<br />
Arte y diseño:<br />
Octavio Morales S.</p>
