{"id":2661,"date":"2020-01-22T22:57:54","date_gmt":"2020-01-22T22:57:54","guid":{"rendered":"https:\/\/www.mined.gob.ni\/biblioteca\/?post_type=product&#038;p=2661"},"modified":"2024-08-08T23:28:55","modified_gmt":"2024-08-08T21:28:55","slug":"dario-y-sus-raices-mestizas","status":"publish","type":"product","link":"https:\/\/www.mined.gob.ni\/biblioteca\/product\/dario-y-sus-raices-mestizas\/","title":{"rendered":"Dar\u00edo y sus ra\u00edces mestizas"},"content":{"rendered":"<div class=\"_3d-flip-book  fb3d-fullscreen-mode full-size\" data-id=\"5453\" data-mode=\"fullscreen\" data-title=\"false\" data-template=\"short-white-book-view\" data-lightbox=\"dark\" data-urlparam=\"fb3d-page\" data-page-n=\"0\" data-pdf=\"\" data-tax=\"null\" data-thumbnail=\"\" data-cols=\"3\" data-query=\"\"><\/div><script type=\"text\/javascript\">window.FB3D_CLIENT_DATA = window.FB3D_CLIENT_DATA || [];window.FB3D_CLIENT_DATA.push('eyJwb3N0cyI6eyI1NDUzIjp7IklEIjo1NDUzLCJ0aXRsZSI6Ik5vLTcgRGFyaW8geSBzdXMgcmFcdTAwZWRjZXMgbWVzdGl6YXMiLCJ0eXBlIjoicGRmIiwicmVhZHlfZnVuY3Rpb24iOiIiLCJib29rX3N0eWxlIjoiZmxhdCIsImRhdGEiOnsicG9zdF9JRCI6IjU0NTQiLCJndWlkIjoiaHR0cHM6XC9cL3d3dy5taW5lZC5nb2IubmlcL2JpYmxpb3RlY2FcL3dwLWNvbnRlbnRcL3VwbG9hZHNcLzIwMjRcLzA4XC9DUkRfLU5vLTctRGFyaW8teS1zdXMtcmFpY2VzLW1lc3RpemFzLnBkZiIsInBkZl9wYWdlcyI6IjIyIiwicGFnZXNfY3VzdG9taXphdGlvbiI6Im5vbmUifSwidGh1bWJuYWlsIjp7ImRhdGEiOnsicG9zdF9JRCI6IjAifSwidHlwZSI6ImF1dG8ifSwicHJvcHMiOnsiY2FjaGVkUGFnZXMiOiJhdXRvIiwicmVuZGVySW5hY3RpdmVQYWdlcyI6ImF1dG8iLCJyZW5kZXJJbmFjdGl2ZVBhZ2VzT25Nb2JpbGUiOiJhdXRvIiwicmVuZGVyV2hpbGVGbGlwcGluZyI6ImF1dG8iLCJwcmVsb2FkUGFnZXMiOiJhdXRvIiwicnRsIjoiYXV0byIsImludGVyYWN0aXZlQ29ybmVycyI6ImF1dG8iLCJzaGVldCI6eyJzdGFydFZlbG9jaXR5IjoiYXV0byIsIndhdmUiOiJhdXRvIiwic2hhcGUiOiJhdXRvIiwid2lkdGhUZXhlbHMiOiJhdXRvIiwiY29sb3IiOiJhdXRvIiwic2lkZSI6ImF1dG8iLCJjb3JuZXJEZXZpYXRpb24iOiJhdXRvIiwiZmxleGliaWxpdHkiOiJhdXRvIiwiZmxleGlibGVDb3JuZXIiOiJhdXRvIiwiYmVuZGluZyI6ImF1dG8iLCJoZWlnaHRUZXhlbHMiOiJhdXRvIn0sImNvdmVyIjp7IndhdmUiOiJhdXRvIiwiY29sb3IiOiJhdXRvIiwiYmluZGVyVGV4dHVyZSI6ImF1dG8iLCJkZXB0aCI6ImF1dG8iLCJwYWRkaW5nIjoiYXV0byIsInN0YXJ0VmVsb2NpdHkiOiJhdXRvIiwiZmxleGliaWxpdHkiOiJhdXRvIiwiZmxleGlibGVDb3JuZXIiOiJhdXRvIiwiYmVuZGluZyI6ImF1dG8iLCJ3aWR0aFRleGVscyI6ImF1dG8iLCJoZWlnaHRUZXhlbHMiOiJhdXRvIiwibWFzcyI6ImF1dG8iLCJzaWRlIjoiYXV0byIsInNoYXBlIjoiYXV0byJ9LCJwYWdlIjp7IndhdmUiOiJhdXRvIiwiY29sb3IiOiJhdXRvIiwiZGVwdGgiOiJhdXRvIiwic3RhcnRWZWxvY2l0eSI6ImF1dG8iLCJmbGV4aWJpbGl0eSI6ImF1dG8iLCJmbGV4aWJsZUNvcm5lciI6ImF1dG8iLCJiZW5kaW5nIjoiYXV0byIsIndpZHRoVGV4ZWxzIjoiYXV0byIsImhlaWdodFRleGVscyI6ImF1dG8iLCJtYXNzIjoiYXV0byIsInNpZGUiOiJhdXRvIiwic2hhcGUiOiJhdXRvIn0sImhlaWdodCI6ImF1dG8iLCJ3aWR0aCI6ImF1dG8iLCJncmF2aXR5IjoiYXV0byIsInBhZ2VzRm9yUHJlZGljdGluZyI6ImF1dG8ifSwiY29udHJvbFByb3BzIjp7ImFjdGlvbnMiOnsiY21kU2F2ZSI6eyJlbmFibGVkIjoiYXV0byIsImVuYWJsZWRJbk5hcnJvdyI6ImF1dG8ifSwiY21kUHJpbnQiOnsiZW5hYmxlZCI6ImF1dG8iLCJlbmFibGVkSW5OYXJyb3ciOiJhdXRvIn0sImNtZFNpbmdsZVBhZ2UiOnsiZW5hYmxlZCI6ImF1dG8iLCJlbmFibGVkSW5OYXJyb3ciOiJhdXRvIiwiYWN0aXZlIjoiYXV0byIsImFjdGl2ZUZvck1vYmlsZSI6ImF1dG8ifX19LCJhdXRvVGh1bWJuYWlsIjoiaHR0cHM6XC9cL3d3dy5taW5lZC5nb2IubmlcL2JpYmxpb3RlY2FcL3dwLWNvbnRlbnRcL3VwbG9hZHNcLzNkLWZsaXAtYm9va1wvYXV0by10aHVtYm5haWxzXC81NDUzLnBuZyIsInBvc3RfbmFtZSI6Im5vLTctZGFyaW8teS1zdXMtcmFpY2VzLW1lc3RpemFzIiwicG9zdF90eXBlIjoiM2QtZmxpcC1ib29rIn19LCJwYWdlcyI6W10sImZpcnN0UGFnZXMiOltdfQ==');window.FB3D_CLIENT_LOCALE && window.FB3D_CLIENT_LOCALE.render();<\/script>\n","protected":false},"excerpt":{"rendered":"<p>Dar\u00edo y sus ra\u00edces mestizas<\/p>\n<p>LA ALCALD\u00cdA DEL PODER CIUDADANO colaborando con el Ministerio de Educaci\u00f3n de la Rep\u00fablica de Nicaragua. Una contribuci\u00f3n a la educaci\u00f3n de nuestros maestros y educandos.<br \/>\nCOLECCI\u00d3N RUB\u00c9N DAR\u00cdO No. 7, Enero del 2020, JORNADA DARIANA.<\/p>\n<p>Una producci\u00f2n de la Alcald\u00eda del Poder Ciudadano de Managua.<br \/>\nDirecci\u00f3n General de Desarrollo Humano.<br \/>\nDirecci\u00f3n Espec\u00edfica de Cultura y Patrimonio Hist\u00f3rico.<br \/>\nCentros de Historia del Poder Ciudadano.<\/p>\n<p>\u00a9 2020 Alcald\u00eda de Managua.<\/p>\n<p>Autor: Dr. Jorge Eduardo Arellano.<br \/>\nSecretario de la Academia de Geograf\u00eda e Historia de Nicaragua.<br \/>\nFoto de Portada: Manuel Maldonado, Rub\u00e9n Dar\u00edo y<br \/>\nSantiago Arg\u00fcello en Managua (1ro de enero de 1908).<br \/>\nDise\u00f1o y diagramaci\u00f3n: Octavio Morales Serrano<\/p>\n","protected":false},"featured_media":5455,"template":"","meta":[],"product_cat":[266,81,190,103],"product_tag":[188],"class_list":["post-2661","product","type-product","status-publish","has-post-thumbnail","hentry","product_cat-coleccion-cantos-de-vida-y-esperanza","product_cat-libros-digitales","product_cat-poetas","product_cat-ruben-dario","product_tag-ruben-dario"],"_links":{"self":[{"href":"https:\/\/www.mined.gob.ni\/biblioteca\/wp-json\/wp\/v2\/product\/2661","targetHints":{"allow":["GET"]}}],"collection":[{"href":"https:\/\/www.mined.gob.ni\/biblioteca\/wp-json\/wp\/v2\/product"}],"about":[{"href":"https:\/\/www.mined.gob.ni\/biblioteca\/wp-json\/wp\/v2\/types\/product"}],"version-history":[{"count":2,"href":"https:\/\/www.mined.gob.ni\/biblioteca\/wp-json\/wp\/v2\/product\/2661\/revisions"}],"predecessor-version":[{"id":5457,"href":"https:\/\/www.mined.gob.ni\/biblioteca\/wp-json\/wp\/v2\/product\/2661\/revisions\/5457"}],"wp:featuredmedia":[{"embeddable":true,"href":"https:\/\/www.mined.gob.ni\/biblioteca\/wp-json\/wp\/v2\/media\/5455"}],"wp:attachment":[{"href":"https:\/\/www.mined.gob.ni\/biblioteca\/wp-json\/wp\/v2\/media?parent=2661"}],"wp:term":[{"taxonomy":"product_cat","embeddable":true,"href":"https:\/\/www.mined.gob.ni\/biblioteca\/wp-json\/wp\/v2\/product_cat?post=2661"},{"taxonomy":"product_tag","embeddable":true,"href":"https:\/\/www.mined.gob.ni\/biblioteca\/wp-json\/wp\/v2\/product_tag?post=2661"}],"curies":[{"name":"wp","href":"https:\/\/api.w.org\/{rel}","templated":true}]}}

Darío y sus raíces mestizas

<p>Darío y sus raíces mestizas</p>
<p>LA ALCALDÍA DEL PODER CIUDADANO colaborando con el Ministerio de Educación de la República de Nicaragua. Una contribución a la educación de nuestros maestros y educandos.<br />
COLECCIÓN RUBÉN DARÍO No. 7, Enero del 2020, JORNADA DARIANA.</p>
<p>Una producciòn de la Alcaldía del Poder Ciudadano de Managua.<br />
Dirección General de Desarrollo Humano.<br />
Dirección Específica de Cultura y Patrimonio Histórico.<br />
Centros de Historia del Poder Ciudadano.</p>
<p>© 2020 Alcaldía de Managua.</p>
<p>Autor: Dr. Jorge Eduardo Arellano.<br />
Secretario de la Academia de Geografía e Historia de Nicaragua.<br />
Foto de Portada: Manuel Maldonado, Rubén Darío y<br />
Santiago Argüello en Managua (1ro de enero de 1908).<br />
Diseño y diagramación: Octavio Morales Serrano</p>
