{"id":2717,"date":"2020-02-18T15:44:10","date_gmt":"2020-02-18T15:44:10","guid":{"rendered":"https:\/\/www.mined.gob.ni\/biblioteca\/?post_type=product&#038;p=2717"},"modified":"2024-09-04T20:57:14","modified_gmt":"2024-09-04T18:57:14","slug":"gregorio-urbano-gilbert-2","status":"publish","type":"product","link":"https:\/\/www.mined.gob.ni\/biblioteca\/product\/gregorio-urbano-gilbert-2\/","title":{"rendered":"Gregorio Urbano Gilbert, H\u00e9roe de Dos Pueblos"},"content":{"rendered":"<div class=\"_3d-flip-book  fb3d-fullscreen-mode full-size\" data-id=\"6362\" data-mode=\"fullscreen\" data-title=\"false\" data-template=\"short-white-book-view\" data-lightbox=\"dark\" data-urlparam=\"fb3d-page\" data-page-n=\"0\" data-pdf=\"\" data-tax=\"null\" data-thumbnail=\"\" data-cols=\"3\" data-query=\"\"><\/div><script type=\"text\/javascript\">window.FB3D_CLIENT_DATA = window.FB3D_CLIENT_DATA || [];window.FB3D_CLIENT_DATA.push('eyJwb3N0cyI6eyI2MzYyIjp7IklEIjo2MzYyLCJ0aXRsZSI6Ik5vLTE0LUdyZWdvcmlvLVVyYmFuby1HaWxiZXJ0LUhlcm9lLURlLURvcy1QdWVibG9zIiwidHlwZSI6InBkZiIsInJlYWR5X2Z1bmN0aW9uIjoiIiwiYm9va19zdHlsZSI6ImZsYXQiLCJkYXRhIjp7InBvc3RfSUQiOiI2MzYzIiwiZ3VpZCI6Imh0dHBzOlwvXC93d3cubWluZWQuZ29iLm5pXC9iaWJsaW90ZWNhXC93cC1jb250ZW50XC91cGxvYWRzXC8yMDI0XC8wOVwvTm8tMTQtR3JlZ29yaW8tVXJiYW5vLUdpbGJlcnQtSGVyb2UtRGUtRG9zLVB1ZWJsb3MtMS5wZGYiLCJwZGZfcGFnZXMiOiI2MiIsInBhZ2VzX2N1c3RvbWl6YXRpb24iOiJub25lIn0sInRodW1ibmFpbCI6eyJkYXRhIjp7InBvc3RfSUQiOiIwIn0sInR5cGUiOiJhdXRvIn0sInByb3BzIjp7ImNhY2hlZFBhZ2VzIjoiYXV0byIsInJlbmRlckluYWN0aXZlUGFnZXMiOiJhdXRvIiwicmVuZGVySW5hY3RpdmVQYWdlc09uTW9iaWxlIjoiYXV0byIsInJlbmRlcldoaWxlRmxpcHBpbmciOiJhdXRvIiwicHJlbG9hZFBhZ2VzIjoiYXV0byIsInJ0bCI6ImF1dG8iLCJpbnRlcmFjdGl2ZUNvcm5lcnMiOiJhdXRvIiwic2hlZXQiOnsic3RhcnRWZWxvY2l0eSI6ImF1dG8iLCJ3YXZlIjoiYXV0byIsInNoYXBlIjoiYXV0byIsIndpZHRoVGV4ZWxzIjoiYXV0byIsImNvbG9yIjoiYXV0byIsInNpZGUiOiJhdXRvIiwiY29ybmVyRGV2aWF0aW9uIjoiYXV0byIsImZsZXhpYmlsaXR5IjoiYXV0byIsImZsZXhpYmxlQ29ybmVyIjoiYXV0byIsImJlbmRpbmciOiJhdXRvIiwiaGVpZ2h0VGV4ZWxzIjoiYXV0byJ9LCJjb3ZlciI6eyJ3YXZlIjoiYXV0byIsImNvbG9yIjoiYXV0byIsImJpbmRlclRleHR1cmUiOiJhdXRvIiwiZGVwdGgiOiJhdXRvIiwicGFkZGluZyI6ImF1dG8iLCJzdGFydFZlbG9jaXR5IjoiYXV0byIsImZsZXhpYmlsaXR5IjoiYXV0byIsImZsZXhpYmxlQ29ybmVyIjoiYXV0byIsImJlbmRpbmciOiJhdXRvIiwid2lkdGhUZXhlbHMiOiJhdXRvIiwiaGVpZ2h0VGV4ZWxzIjoiYXV0byIsIm1hc3MiOiJhdXRvIiwic2lkZSI6ImF1dG8iLCJzaGFwZSI6ImF1dG8ifSwicGFnZSI6eyJ3YXZlIjoiYXV0byIsImNvbG9yIjoiYXV0byIsImRlcHRoIjoiYXV0byIsInN0YXJ0VmVsb2NpdHkiOiJhdXRvIiwiZmxleGliaWxpdHkiOiJhdXRvIiwiZmxleGlibGVDb3JuZXIiOiJhdXRvIiwiYmVuZGluZyI6ImF1dG8iLCJ3aWR0aFRleGVscyI6ImF1dG8iLCJoZWlnaHRUZXhlbHMiOiJhdXRvIiwibWFzcyI6ImF1dG8iLCJzaWRlIjoiYXV0byIsInNoYXBlIjoiYXV0byJ9LCJoZWlnaHQiOiJhdXRvIiwid2lkdGgiOiJhdXRvIiwiZ3Jhdml0eSI6ImF1dG8iLCJwYWdlc0ZvclByZWRpY3RpbmciOiJhdXRvIn0sImNvbnRyb2xQcm9wcyI6eyJhY3Rpb25zIjp7ImNtZFNhdmUiOnsiZW5hYmxlZCI6ImF1dG8iLCJlbmFibGVkSW5OYXJyb3ciOiJhdXRvIn0sImNtZFByaW50Ijp7ImVuYWJsZWQiOiJhdXRvIiwiZW5hYmxlZEluTmFycm93IjoiYXV0byJ9LCJjbWRTaW5nbGVQYWdlIjp7ImVuYWJsZWQiOiJhdXRvIiwiZW5hYmxlZEluTmFycm93IjoiYXV0byIsImFjdGl2ZSI6ImF1dG8iLCJhY3RpdmVGb3JNb2JpbGUiOiJhdXRvIn19fSwiYXV0b1RodW1ibmFpbCI6Imh0dHBzOlwvXC93d3cubWluZWQuZ29iLm5pXC9iaWJsaW90ZWNhXC93cC1jb250ZW50XC91cGxvYWRzXC8zZC1mbGlwLWJvb2tcL2F1dG8tdGh1bWJuYWlsc1wvNjM2Mi5wbmciLCJwb3N0X25hbWUiOiJuby0xNC1ncmVnb3Jpby11cmJhbm8tZ2lsYmVydC1oZXJvZS1kZS1kb3MtcHVlYmxvcyIsInBvc3RfdHlwZSI6IjNkLWZsaXAtYm9vayJ9fSwicGFnZXMiOltdLCJmaXJzdFBhZ2VzIjpbXX0=');window.FB3D_CLIENT_LOCALE && window.FB3D_CLIENT_LOCALE.render();<\/script>\n","protected":false},"excerpt":{"rendered":"<p>Cr\u00e9ditos<\/p>\n<p>Una producci\u00f3n de la Alcald\u00eda del Poder Ciudadano de Managua, febrero del 2020, en el 125 aniversario del natalicio del General Augusto C. Sandino, y el 86 aniversario de su paso a la inmortalidad.<\/p>\n<p>Autor: Lic. Clemente Guido Mart\u00ednez. Abogado y Notario P\u00fablico de Nicaragua. Miembro de n\u00famero de la Academia de Geograf\u00eda e Historia de Nicaragua (AGHN). Miembro Correspondiente de la Academia Salvadore\u00f1a de Historia.<\/p>\n<p>Compilaci\u00f3n Documental utilizada en toda la Colecci\u00f3n: Dr. Michael Schroeder Ph.D. Profesor de Historia de Lebanon Valley College, Annville, Pennsylvania PA. 17003 E.E.U.U. y miembro correspondiente de la Academia de Geograf\u00eda e Historia de Nicaragua (AGHN).<\/p>\n<p>Fotograf\u00edas usadas en toda la colecci\u00f3n: Archivos personales de George F. Stockes, Carl P. Eldred, y Robert H. Dunlap, Manuscripts y Special Collections, Marine Corps Research Center, Quantico VA.<\/p>\n<p>Fotograf\u00edas de la Colecci\u00f3n del Cro. Walter Castillo Sandino (nieto del General Augusto C. Sandino).<br \/>\nFotograf\u00edas del Centro de Historia Militar del Ej\u00e9rcito de Nicaragua.<br \/>\nFotograf\u00edas del Instituto de Historia de Nicaragua y Centro Am\u00e9rica (IHNCA).<\/p>\n<p>Fotograf\u00edas familiares de los descendientes de los miembros del EDSNN.<br \/>\nOtras fotograf\u00edas de fuentes y autores desconocidos.<\/p>\n<p>Levantados de textos de varios documentos utilizados: Cra. Dulce Mar\u00eda Pastr\u00e1n, Cra. Ana Mar\u00eda Zambrana, y Cra. Elsa Mar\u00eda Cuadra Silva. Cuerpo de Secretarias de la Direcci\u00f3n de Cultura y Patrimonio Hist\u00f3rico de la Alcald\u00eda de Managua.<\/p>\n<p>Traducciones del Ingl\u00e9s al Espa\u00f1ol de Documentos usados en la Colecci\u00f3n:<br \/>\nDra. Imara Gabuardi P\u00e9rez, Abogada y Notario P\u00fablico de la Rep\u00fablica de Nicaragua.<\/p>\n<p>Cuido Editorial: Direcci\u00f3n de Cultura y Patrimonio Hist\u00f3rico de la Alcald\u00eda de Managua, adscrita a la Direcci\u00f3n General de Desarrollo Humano.<\/p>\n<p>Arte y dise\u00f1o de la Colecci\u00f3n: Cro. Octavio Morales. Direcci\u00f3n de Cultura y Patrimonio Hist\u00f3rico. Biblioteca Digital. Departamento de Bibliotecas y Archivos Municipales Managua.<\/p>\n<p>Portada: MINED<\/p>\n","protected":false},"featured_media":6364,"template":"","meta":[],"product_cat":[292,81],"product_tag":[291],"class_list":["post-2717","product","type-product","status-publish","has-post-thumbnail","hentry","product_cat-coleccion-sandino-vive","product_cat-libros-digitales","product_tag-sandino-vive"],"_links":{"self":[{"href":"https:\/\/www.mined.gob.ni\/biblioteca\/wp-json\/wp\/v2\/product\/2717","targetHints":{"allow":["GET"]}}],"collection":[{"href":"https:\/\/www.mined.gob.ni\/biblioteca\/wp-json\/wp\/v2\/product"}],"about":[{"href":"https:\/\/www.mined.gob.ni\/biblioteca\/wp-json\/wp\/v2\/types\/product"}],"version-history":[{"count":1,"href":"https:\/\/www.mined.gob.ni\/biblioteca\/wp-json\/wp\/v2\/product\/2717\/revisions"}],"predecessor-version":[{"id":6365,"href":"https:\/\/www.mined.gob.ni\/biblioteca\/wp-json\/wp\/v2\/product\/2717\/revisions\/6365"}],"wp:featuredmedia":[{"embeddable":true,"href":"https:\/\/www.mined.gob.ni\/biblioteca\/wp-json\/wp\/v2\/media\/6364"}],"wp:attachment":[{"href":"https:\/\/www.mined.gob.ni\/biblioteca\/wp-json\/wp\/v2\/media?parent=2717"}],"wp:term":[{"taxonomy":"product_cat","embeddable":true,"href":"https:\/\/www.mined.gob.ni\/biblioteca\/wp-json\/wp\/v2\/product_cat?post=2717"},{"taxonomy":"product_tag","embeddable":true,"href":"https:\/\/www.mined.gob.ni\/biblioteca\/wp-json\/wp\/v2\/product_tag?post=2717"}],"curies":[{"name":"wp","href":"https:\/\/api.w.org\/{rel}","templated":true}]}}