{"id":2721,"date":"2020-02-18T15:52:52","date_gmt":"2020-02-18T15:52:52","guid":{"rendered":"https:\/\/www.mined.gob.ni\/biblioteca\/?post_type=product&#038;p=2721"},"modified":"2024-09-04T21:05:24","modified_gmt":"2024-09-04T19:05:24","slug":"el-asesinato-del-general-augusto-c-sandino","status":"publish","type":"product","link":"https:\/\/www.mined.gob.ni\/biblioteca\/product\/el-asesinato-del-general-augusto-c-sandino\/","title":{"rendered":"El Asesinato del General Augusto C. Sandino"},"content":{"rendered":"<div class=\"_3d-flip-book  fb3d-fullscreen-mode full-size\" data-id=\"6376\" data-mode=\"fullscreen\" data-title=\"false\" data-template=\"short-white-book-view\" data-lightbox=\"dark\" data-urlparam=\"fb3d-page\" data-page-n=\"0\" data-pdf=\"\" data-tax=\"null\" data-thumbnail=\"\" data-cols=\"3\" data-query=\"\"><\/div><script type=\"text\/javascript\">window.FB3D_CLIENT_DATA = window.FB3D_CLIENT_DATA || [];window.FB3D_CLIENT_DATA.push('eyJwb3N0cyI6eyI2Mzc2Ijp7IklEIjo2Mzc2LCJ0aXRsZSI6Ik5vLTEyLUVsLUFzZXNpbmF0by1kZWwtR2VuZXJhbC1BdWd1c3RvLUMuLVNhbmRpbm8iLCJ0eXBlIjoicGRmIiwicmVhZHlfZnVuY3Rpb24iOiIiLCJib29rX3N0eWxlIjoiZmxhdCIsImRhdGEiOnsicG9zdF9JRCI6IjYzNzciLCJndWlkIjoiaHR0cHM6XC9cL3d3dy5taW5lZC5nb2IubmlcL2JpYmxpb3RlY2FcL3dwLWNvbnRlbnRcL3VwbG9hZHNcLzIwMjRcLzA5XC9Oby0xMi1FbC1Bc2VzaW5hdG8tZGVsLUdlbmVyYWwtQXVndXN0by1DLi1TYW5kaW5vLnBkZiIsInBkZl9wYWdlcyI6IjQzIiwicGFnZXNfY3VzdG9taXphdGlvbiI6Im5vbmUifSwidGh1bWJuYWlsIjp7ImRhdGEiOnsicG9zdF9JRCI6IjAifSwidHlwZSI6ImF1dG8ifSwicHJvcHMiOnsiY2FjaGVkUGFnZXMiOiJhdXRvIiwicmVuZGVySW5hY3RpdmVQYWdlcyI6ImF1dG8iLCJyZW5kZXJJbmFjdGl2ZVBhZ2VzT25Nb2JpbGUiOiJhdXRvIiwicmVuZGVyV2hpbGVGbGlwcGluZyI6ImF1dG8iLCJwcmVsb2FkUGFnZXMiOiJhdXRvIiwicnRsIjoiYXV0byIsImludGVyYWN0aXZlQ29ybmVycyI6ImF1dG8iLCJzaGVldCI6eyJzdGFydFZlbG9jaXR5IjoiYXV0byIsIndhdmUiOiJhdXRvIiwic2hhcGUiOiJhdXRvIiwid2lkdGhUZXhlbHMiOiJhdXRvIiwiY29sb3IiOiJhdXRvIiwic2lkZSI6ImF1dG8iLCJjb3JuZXJEZXZpYXRpb24iOiJhdXRvIiwiZmxleGliaWxpdHkiOiJhdXRvIiwiZmxleGlibGVDb3JuZXIiOiJhdXRvIiwiYmVuZGluZyI6ImF1dG8iLCJoZWlnaHRUZXhlbHMiOiJhdXRvIn0sImNvdmVyIjp7IndhdmUiOiJhdXRvIiwiY29sb3IiOiJhdXRvIiwiYmluZGVyVGV4dHVyZSI6ImF1dG8iLCJkZXB0aCI6ImF1dG8iLCJwYWRkaW5nIjoiYXV0byIsInN0YXJ0VmVsb2NpdHkiOiJhdXRvIiwiZmxleGliaWxpdHkiOiJhdXRvIiwiZmxleGlibGVDb3JuZXIiOiJhdXRvIiwiYmVuZGluZyI6ImF1dG8iLCJ3aWR0aFRleGVscyI6ImF1dG8iLCJoZWlnaHRUZXhlbHMiOiJhdXRvIiwibWFzcyI6ImF1dG8iLCJzaWRlIjoiYXV0byIsInNoYXBlIjoiYXV0byJ9LCJwYWdlIjp7IndhdmUiOiJhdXRvIiwiY29sb3IiOiJhdXRvIiwiZGVwdGgiOiJhdXRvIiwic3RhcnRWZWxvY2l0eSI6ImF1dG8iLCJmbGV4aWJpbGl0eSI6ImF1dG8iLCJmbGV4aWJsZUNvcm5lciI6ImF1dG8iLCJiZW5kaW5nIjoiYXV0byIsIndpZHRoVGV4ZWxzIjoiYXV0byIsImhlaWdodFRleGVscyI6ImF1dG8iLCJtYXNzIjoiYXV0byIsInNpZGUiOiJhdXRvIiwic2hhcGUiOiJhdXRvIn0sImhlaWdodCI6ImF1dG8iLCJ3aWR0aCI6ImF1dG8iLCJncmF2aXR5IjoiYXV0byIsInBhZ2VzRm9yUHJlZGljdGluZyI6ImF1dG8ifSwiY29udHJvbFByb3BzIjp7ImFjdGlvbnMiOnsiY21kU2F2ZSI6eyJlbmFibGVkIjoiYXV0byIsImVuYWJsZWRJbk5hcnJvdyI6ImF1dG8ifSwiY21kUHJpbnQiOnsiZW5hYmxlZCI6ImF1dG8iLCJlbmFibGVkSW5OYXJyb3ciOiJhdXRvIn0sImNtZFNpbmdsZVBhZ2UiOnsiZW5hYmxlZCI6ImF1dG8iLCJlbmFibGVkSW5OYXJyb3ciOiJhdXRvIiwiYWN0aXZlIjoiYXV0byIsImFjdGl2ZUZvck1vYmlsZSI6ImF1dG8ifX19LCJhdXRvVGh1bWJuYWlsIjoiaHR0cHM6XC9cL3d3dy5taW5lZC5nb2IubmlcL2JpYmxpb3RlY2FcL3dwLWNvbnRlbnRcL3VwbG9hZHNcLzNkLWZsaXAtYm9va1wvYXV0by10aHVtYm5haWxzXC82Mzc2LnBuZyIsInBvc3RfbmFtZSI6Im5vLTEyLWVsLWFzZXNpbmF0by1kZWwtZ2VuZXJhbC1hdWd1c3RvLWMtc2FuZGlubyIsInBvc3RfdHlwZSI6IjNkLWZsaXAtYm9vayJ9fSwicGFnZXMiOltdLCJmaXJzdFBhZ2VzIjpbXX0=');window.FB3D_CLIENT_LOCALE && window.FB3D_CLIENT_LOCALE.render();<\/script>\n","protected":false},"excerpt":{"rendered":"<p>Cr\u00e9ditos<br \/>\nUna producci\u00f3n de la Alcald\u00eda del Poder Ciudadano de Managua, febrero del 2020, en el 125 aniversario del natalicio del General Augusto C. Sandino, y el 86 aniversario de su paso a la inmortalidad.<\/p>\n<p>Autor: Lic. Clemente Guido Mart\u00ednez. Abogado y Notario P\u00fablico de Nicaragua. Miembro de n\u00famero de la Academia de Geograf\u00eda e Historia de Nicaragua (AGHN). Miembro Correspondiente de la Academia Salvadore\u00f1a de Historia.<\/p>\n<p>Compilaci\u00f3n Documental utilizada en toda la Colecci\u00f3n: Dr. Michael Schroeder Ph.D. Profesor de Historia de Lebanon Valley College, Annville, Pennsylvania PA. 17003 E.E.U.U. y miembro correspondiente de la Academia de Geograf\u00eda e Historia de Nicaragua (AGHN).<\/p>\n<p>Fotograf\u00edas usadas en toda la colecci\u00f3n:<br \/>\nArchivos personales de George F. Stockes, Carl P. Eldred, y Robert H. Dunlap, Manuscripts y Special Collections, Marine Corps Research Center, Quantico VA.<br \/>\nFotograf\u00edas de la Colecci\u00f3n del Cro. Walter Castillo Sandino (nieto del General Augusto C. Sandino).<br \/>\nFotograf\u00edas del Centro de Historia Militar del Ej\u00e9rcito de Nicaragua.<br \/>\nFotograf\u00edas del Instituto de Historia de Nicaragua y Centro Am\u00e9rica (IHNCA).<br \/>\nFotograf\u00edas familiares de los descendientes de los miembros del EDSNN.<\/p>\n<p>Otras fotograf\u00edas de fuentes y autores desconocidos.<br \/>\nLevantados de textos de varios documentos utilizados: Cra. Dulce Mar\u00eda Pastr\u00e1n, Cra. Ana Mar\u00eda Zambrana, y Cra. Elsa Mar\u00eda Cuadra Silva. Cuerpo de Secretarias de la Direcci\u00f3n de Cultura y Patrimonio Hist\u00f3rico de la Alcald\u00eda de Managua.<\/p>\n<p>Traducciones del Ingl\u00e9s al Espa\u00f1ol de Documentos usados en la Colecci\u00f3n:<br \/>\nDra. Imara Gabuardi P\u00e9rez, Abogada y Notario P\u00fablico de la Rep\u00fablica de Nicaragua.<br \/>\nCuido Editorial: Direcci\u00f3n de Cultura y Patrimonio Hist\u00f3rico de la Alcald\u00eda de Managua, adscrita a la Direcci\u00f3n General de Desarrollo Humano.<\/p>\n<p>Arte y dise\u00f1o de la Colecci\u00f3n: Cro. Octavio Morales. Direcci\u00f3n de Cultura y Patrimonio Hist\u00f3rico. Biblioteca Digital. Departamento de Bibliotecas y Archivos Municipales Managua.<\/p>\n<p>Portada: MINED<\/p>\n<p>BIBLIOTECA DIGITAL, Febrero del 2020.<br \/>\nJORNADA SANDINO VIVE.<\/p>\n","protected":false},"featured_media":6378,"template":"","meta":[],"product_cat":[292,81],"product_tag":[291],"class_list":["post-2721","product","type-product","status-publish","has-post-thumbnail","hentry","product_cat-coleccion-sandino-vive","product_cat-libros-digitales","product_tag-sandino-vive"],"_links":{"self":[{"href":"https:\/\/www.mined.gob.ni\/biblioteca\/wp-json\/wp\/v2\/product\/2721","targetHints":{"allow":["GET"]}}],"collection":[{"href":"https:\/\/www.mined.gob.ni\/biblioteca\/wp-json\/wp\/v2\/product"}],"about":[{"href":"https:\/\/www.mined.gob.ni\/biblioteca\/wp-json\/wp\/v2\/types\/product"}],"version-history":[{"count":1,"href":"https:\/\/www.mined.gob.ni\/biblioteca\/wp-json\/wp\/v2\/product\/2721\/revisions"}],"predecessor-version":[{"id":6379,"href":"https:\/\/www.mined.gob.ni\/biblioteca\/wp-json\/wp\/v2\/product\/2721\/revisions\/6379"}],"wp:featuredmedia":[{"embeddable":true,"href":"https:\/\/www.mined.gob.ni\/biblioteca\/wp-json\/wp\/v2\/media\/6378"}],"wp:attachment":[{"href":"https:\/\/www.mined.gob.ni\/biblioteca\/wp-json\/wp\/v2\/media?parent=2721"}],"wp:term":[{"taxonomy":"product_cat","embeddable":true,"href":"https:\/\/www.mined.gob.ni\/biblioteca\/wp-json\/wp\/v2\/product_cat?post=2721"},{"taxonomy":"product_tag","embeddable":true,"href":"https:\/\/www.mined.gob.ni\/biblioteca\/wp-json\/wp\/v2\/product_tag?post=2721"}],"curies":[{"name":"wp","href":"https:\/\/api.w.org\/{rel}","templated":true}]}}

<p>Créditos<br />
Una producción de la Alcaldía del Poder Ciudadano de Managua, febrero del 2020, en el 125 aniversario del natalicio del General Augusto C. Sandino, y el 86 aniversario de su paso a la inmortalidad.</p>
<p>Autor: Lic. Clemente Guido Martínez. Abogado y Notario Público de Nicaragua. Miembro de número de la Academia de Geografía e Historia de Nicaragua (AGHN). Miembro Correspondiente de la Academia Salvadoreña de Historia.</p>
<p>Compilación Documental utilizada en toda la Colección: Dr. Michael Schroeder Ph.D. Profesor de Historia de Lebanon Valley College, Annville, Pennsylvania PA. 17003 E.E.U.U. y miembro correspondiente de la Academia de Geografía e Historia de Nicaragua (AGHN).</p>
<p>Fotografías usadas en toda la colección:<br />
Archivos personales de George F. Stockes, Carl P. Eldred, y Robert H. Dunlap, Manuscripts y Special Collections, Marine Corps Research Center, Quantico VA.<br />
Fotografías de la Colección del Cro. Walter Castillo Sandino (nieto del General Augusto C. Sandino).<br />
Fotografías del Centro de Historia Militar del Ejército de Nicaragua.<br />
Fotografías del Instituto de Historia de Nicaragua y Centro América (IHNCA).<br />
Fotografías familiares de los descendientes de los miembros del EDSNN.</p>
<p>Otras fotografías de fuentes y autores desconocidos.<br />
Levantados de textos de varios documentos utilizados: Cra. Dulce María Pastrán, Cra. Ana María Zambrana, y Cra. Elsa María Cuadra Silva. Cuerpo de Secretarias de la Dirección de Cultura y Patrimonio Histórico de la Alcaldía de Managua.</p>
<p>Traducciones del Inglés al Español de Documentos usados en la Colección:<br />
Dra. Imara Gabuardi Pérez, Abogada y Notario Público de la República de Nicaragua.<br />
Cuido Editorial: Dirección de Cultura y Patrimonio Histórico de la Alcaldía de Managua, adscrita a la Dirección General de Desarrollo Humano.</p>
<p>Arte y diseño de la Colección: Cro. Octavio Morales. Dirección de Cultura y Patrimonio Histórico. Biblioteca Digital. Departamento de Bibliotecas y Archivos Municipales Managua.</p>
<p>Portada: MINED</p>
<p>BIBLIOTECA DIGITAL, Febrero del 2020.<br />
JORNADA SANDINO VIVE.</p>
