{"id":7157,"date":"2026-04-22T21:34:48","date_gmt":"2026-04-22T19:34:48","guid":{"rendered":"https:\/\/www.mined.gob.ni\/biblioteca\/?post_type=product&#038;p=7157"},"modified":"2026-04-22T21:45:08","modified_gmt":"2026-04-22T19:45:08","slug":"raices-y-horizontes-de-la-nueva-escuela-mexicana-un-siglo-de-pedagogia-territorial-en-mexico","status":"publish","type":"product","link":"https:\/\/www.mined.gob.ni\/biblioteca\/product\/raices-y-horizontes-de-la-nueva-escuela-mexicana-un-siglo-de-pedagogia-territorial-en-mexico\/","title":{"rendered":"RA\u00cdCES Y HORIZONTES DE LA NUEVA ESCUELA MEXICANA un siglo de pedagog\u00eda territorial en M\u00e9xico"},"content":{"rendered":"<div class=\"_3d-flip-book  fb3d-fullscreen-mode full-size\" data-id=\"7155\" data-mode=\"fullscreen\" data-title=\"false\" data-template=\"short-white-book-view\" data-lightbox=\"dark\" data-urlparam=\"fb3d-page\" data-page-n=\"0\" data-pdf=\"\" data-tax=\"null\" data-thumbnail=\"\" data-cols=\"3\" data-query=\"\"><\/div><script type=\"text\/javascript\">window.FB3D_CLIENT_DATA = window.FB3D_CLIENT_DATA || [];window.FB3D_CLIENT_DATA.push('eyJwb3N0cyI6eyI3MTU1Ijp7IklEIjo3MTU1LCJ0aXRsZSI6IlJBXHUwMGNkQ0VTIFkgSE9SSVpPTlRFUyBERSBMQSBOVUVWQSBFU0NVRUxBIE1FWElDQU5BIiwidHlwZSI6InBkZiIsInJlYWR5X2Z1bmN0aW9uIjoiIiwiYm9va19zdHlsZSI6ImZsYXQiLCJkYXRhIjp7InBvc3RfSUQiOiI3MTU2IiwiZ3VpZCI6Imh0dHBzOlwvXC93d3cubWluZWQuZ29iLm5pXC9iaWJsaW90ZWNhXC93cC1jb250ZW50XC91cGxvYWRzXC8yMDI2XC8wNFwvUmFpXHVmZmZkUlx1ZmZmZGNlcy15LWhvcml6b250ZXMtZGUtbGEtTnVldmEtRXNjdWVsYS1NZXhpY2FuYV9OaWNhcmFndWEucGRmIiwicGRmX3BhZ2VzIjoiMTEiLCJwYWdlc19jdXN0b21pemF0aW9uIjoibm9uZSJ9LCJ0aHVtYm5haWwiOnsiZGF0YSI6eyJwb3N0X0lEIjoiMCJ9LCJ0eXBlIjoiYXV0byJ9LCJwcm9wcyI6eyJjYWNoZWRQYWdlcyI6ImF1dG8iLCJyZW5kZXJJbmFjdGl2ZVBhZ2VzIjoiYXV0byIsInJlbmRlckluYWN0aXZlUGFnZXNPbk1vYmlsZSI6ImF1dG8iLCJyZW5kZXJXaGlsZUZsaXBwaW5nIjoiYXV0byIsInByZWxvYWRQYWdlcyI6ImF1dG8iLCJydGwiOiJhdXRvIiwiaW50ZXJhY3RpdmVDb3JuZXJzIjoiYXV0byIsInNoZWV0Ijp7InN0YXJ0VmVsb2NpdHkiOiJhdXRvIiwid2F2ZSI6ImF1dG8iLCJzaGFwZSI6ImF1dG8iLCJ3aWR0aFRleGVscyI6ImF1dG8iLCJjb2xvciI6ImF1dG8iLCJzaWRlIjoiYXV0byIsImNvcm5lckRldmlhdGlvbiI6ImF1dG8iLCJmbGV4aWJpbGl0eSI6ImF1dG8iLCJmbGV4aWJsZUNvcm5lciI6ImF1dG8iLCJiZW5kaW5nIjoiYXV0byIsImhlaWdodFRleGVscyI6ImF1dG8ifSwiY292ZXIiOnsid2F2ZSI6ImF1dG8iLCJjb2xvciI6ImF1dG8iLCJiaW5kZXJUZXh0dXJlIjoiYXV0byIsImRlcHRoIjoiYXV0byIsInBhZGRpbmciOiJhdXRvIiwic3RhcnRWZWxvY2l0eSI6ImF1dG8iLCJmbGV4aWJpbGl0eSI6ImF1dG8iLCJmbGV4aWJsZUNvcm5lciI6ImF1dG8iLCJiZW5kaW5nIjoiYXV0byIsIndpZHRoVGV4ZWxzIjoiYXV0byIsImhlaWdodFRleGVscyI6ImF1dG8iLCJtYXNzIjoiYXV0byIsInNpZGUiOiJhdXRvIiwic2hhcGUiOiJhdXRvIn0sInBhZ2UiOnsid2F2ZSI6ImF1dG8iLCJjb2xvciI6ImF1dG8iLCJkZXB0aCI6ImF1dG8iLCJzdGFydFZlbG9jaXR5IjoiYXV0byIsImZsZXhpYmlsaXR5IjoiYXV0byIsImZsZXhpYmxlQ29ybmVyIjoiYXV0byIsImJlbmRpbmciOiJhdXRvIiwid2lkdGhUZXhlbHMiOiJhdXRvIiwiaGVpZ2h0VGV4ZWxzIjoiYXV0byIsIm1hc3MiOiJhdXRvIiwic2lkZSI6ImF1dG8iLCJzaGFwZSI6ImF1dG8ifSwiaGVpZ2h0IjoiYXV0byIsIndpZHRoIjoiYXV0byIsImdyYXZpdHkiOiJhdXRvIiwicGFnZXNGb3JQcmVkaWN0aW5nIjoiYXV0byJ9LCJjb250cm9sUHJvcHMiOnsiYWN0aW9ucyI6eyJjbWRTYXZlIjp7ImVuYWJsZWQiOiJhdXRvIiwiZW5hYmxlZEluTmFycm93IjoiYXV0byJ9LCJjbWRQcmludCI6eyJlbmFibGVkIjoiYXV0byIsImVuYWJsZWRJbk5hcnJvdyI6ImF1dG8ifSwiY21kU2luZ2xlUGFnZSI6eyJlbmFibGVkIjoiYXV0byIsImVuYWJsZWRJbk5hcnJvdyI6ImF1dG8iLCJhY3RpdmUiOiJhdXRvIiwiYWN0aXZlRm9yTW9iaWxlIjoiYXV0byJ9fX0sImF1dG9UaHVtYm5haWwiOiJodHRwczpcL1wvd3d3Lm1pbmVkLmdvYi5uaVwvYmlibGlvdGVjYVwvd3AtY29udGVudFwvdXBsb2Fkc1wvM2QtZmxpcC1ib29rXC9hdXRvLXRodW1ibmFpbHNcLzcxNTUucG5nIiwicG9zdF9uYW1lIjoicmFpY2VzLXktaG9yaXpvbnRlcy1kZS1sYS1udWV2YS1lc2N1ZWxhLW1leGljYW5hIiwicG9zdF90eXBlIjoiM2QtZmxpcC1ib29rIn19LCJwYWdlcyI6W10sImZpcnN0UGFnZXMiOltdfQ==');window.FB3D_CLIENT_LOCALE && window.FB3D_CLIENT_LOCALE.render();<\/script>\n","protected":false},"excerpt":{"rendered":"<p><strong>RA\u00cdCES Y HORIZONTES DE LA NUEVA ESCUELA MEXICANA<\/strong><\/p>\n<p>un siglo de pedagog\u00eda territorial en M\u00e9xico<\/p>\n<p><strong>\u00a0<\/strong><\/p>\n<p><strong>Mario Ch\u00e1vez Campos<\/strong><\/p>\n<p>&nbsp;<\/p>\n<p>&nbsp;<\/p>\n<p>&nbsp;<\/p>\n<p>&nbsp;<\/p>\n<p>&nbsp;<\/p>\n<p><em>&#8220;La memoria no es lo que recordamos, sino lo que nos recuerda. La memoria es un presente que nunca acaba de pasar.&#8221;<\/em><\/p>\n<p>\u2014 Octavio Paz<\/p>\n<p>&nbsp;<\/p>\n<p><em>&#8220;Ense\u00f1ar exige la convicci\u00f3n de que el cambio es posible.&#8221;<\/em><\/p>\n<p>\u2014 Paulo Freire<\/p>\n","protected":false},"featured_media":7158,"template":"","meta":[],"product_cat":[96],"product_tag":[95,468,467],"class_list":["post-7157","product","type-product","status-publish","has-post-thumbnail","hentry","product_cat-formacion-docente","product_tag-formacion-docente","product_tag-nueva-escuela-mexicana","product_tag-raices-y-horizontes"],"_links":{"self":[{"href":"https:\/\/www.mined.gob.ni\/biblioteca\/wp-json\/wp\/v2\/product\/7157","targetHints":{"allow":["GET"]}}],"collection":[{"href":"https:\/\/www.mined.gob.ni\/biblioteca\/wp-json\/wp\/v2\/product"}],"about":[{"href":"https:\/\/www.mined.gob.ni\/biblioteca\/wp-json\/wp\/v2\/types\/product"}],"version-history":[{"count":2,"href":"https:\/\/www.mined.gob.ni\/biblioteca\/wp-json\/wp\/v2\/product\/7157\/revisions"}],"predecessor-version":[{"id":7160,"href":"https:\/\/www.mined.gob.ni\/biblioteca\/wp-json\/wp\/v2\/product\/7157\/revisions\/7160"}],"wp:featuredmedia":[{"embeddable":true,"href":"https:\/\/www.mined.gob.ni\/biblioteca\/wp-json\/wp\/v2\/media\/7158"}],"wp:attachment":[{"href":"https:\/\/www.mined.gob.ni\/biblioteca\/wp-json\/wp\/v2\/media?parent=7157"}],"wp:term":[{"taxonomy":"product_cat","embeddable":true,"href":"https:\/\/www.mined.gob.ni\/biblioteca\/wp-json\/wp\/v2\/product_cat?post=7157"},{"taxonomy":"product_tag","embeddable":true,"href":"https:\/\/www.mined.gob.ni\/biblioteca\/wp-json\/wp\/v2\/product_tag?post=7157"}],"curies":[{"name":"wp","href":"https:\/\/api.w.org\/{rel}","templated":true}]}}

RAÍCES Y HORIZONTES DE LA NUEVA ESCUELA MEXICANA un siglo de pedagogía territorial en México

<p><strong>RAÍCES Y HORIZONTES DE LA NUEVA ESCUELA MEXICANA</strong></p>
<p>un siglo de pedagogía territorial en México</p>
<p><strong> </strong></p>
<p><strong>Mario Chávez Campos</strong></p>
<p>&nbsp;</p>
<p>&nbsp;</p>
<p>&nbsp;</p>
<p>&nbsp;</p>
<p>&nbsp;</p>
<p><em>&#8220;La memoria no es lo que recordamos, sino lo que nos recuerda. La memoria es un presente que nunca acaba de pasar.&#8221;</em></p>
<p>— Octavio Paz</p>
<p>&nbsp;</p>
<p><em>&#8220;Enseñar exige la convicción de que el cambio es posible.&#8221;</em></p>
<p>— Paulo Freire</p>
