{"id":10366,"date":"2025-01-05T04:57:00","date_gmt":"2025-01-05T03:57:00","guid":{"rendered":"https:\/\/www.mined.gob.ni\/mapatradicionesculturapopular\/?post_type=ajde_events&#038;p=10366"},"modified":"2025-01-07T17:49:21","modified_gmt":"2025-01-07T16:49:21","slug":"fiestas-patronales-de-la-virgen-de-monserrat","status":"publish","type":"ajde_events","link":"https:\/\/www.mined.gob.ni\/mapatradicionesculturapopular\/events\/fiestas-patronales-de-la-virgen-de-monserrat\/","title":{"rendered":"Fiestas patronales de la  Virgen de Monserrat"},"content":{"rendered":"<p align=\"justify\">La Concepci\u00f3n, departamento de Masaya Las festividades de la Virgen Morena en la Concha se remontan a 1920, fue promovida por un sacerdote espa\u00f1ol de nombre Manuel Moreno, quien promulg\u00f3 la tradici\u00f3n para celebrarse todos los 9 de febrero. En Espa\u00f1a se celebra a Montserrat el 27 de abril; cerca de Martorell, Barcelona, se localiza el Monasterio de Montserrat, donde se encuentra la imagen de la Virgen Morena, conocida como la Moreneta. Desde el siglo XIII su santuario era visitado por Reyes y Pr\u00edncipes.<\/p>\n<p align=\"justify\">El 8 de febrero en horas de la ma\u00f1ana, la Virgen de Montserrat de la Concha escenifica un tope con las im\u00e1genes de San Marcos de la ciudad de San Marcos y San Juan Bautista, Patrono de San Juan de la Concha; el encuentro es en el sector conocido Las Pilas de Sapasmapa. Los promesantes y visitantes bailan al son de la marimba y de los sones de las Bandas filarm\u00f3nicas, en medio del detonar de cohetes y morteros, luego regresan en procesi\u00f3n<br \/>\ny recorren las principales calles y avenidas de la ciudad hasta concluir en horas de la tarde con una misa en la parroquia de la Concha.<\/p>\n<p align=\"justify\">El 9 es el d\u00eda principal de la Virgen Morena, ese d\u00eda \u201cla funci\u00f3n\u201d est\u00e1 a cargo de un Obispo; hay bautizos y confirmas, la Virgen es homenajeada y los Santos Patrones visitantes saldr\u00e1n en procesi\u00f3n y por la noche se llevan a cabo los juegos de p\u00f3lvora, con cargas cerradas y cohetes y morteros. La \u201coctava\u201d es el 17 de febrero con el regreso de las Im\u00e1genes a sus respectivos templos y municipios.<\/p>\n<p align=\"justify\">Es infaltable en esta festividad la H\u00edpica y las montaderas de toros, donde los sorteadores y montados se juegan la vida por una d\u00e1diva<\/p>\n","protected":false},"author":1,"featured_media":-1,"menu_order":0,"template":"","meta":[],"tags":[],"event_type":[],"event_type_2":[],"class_list":["post-10366","ajde_events","type-ajde_events","status-publish","has-post-thumbnail","hentry"],"_links":{"self":[{"href":"https:\/\/www.mined.gob.ni\/mapatradicionesculturapopular\/wp-json\/wp\/v2\/ajde_events\/10366","targetHints":{"allow":["GET"]}}],"collection":[{"href":"https:\/\/www.mined.gob.ni\/mapatradicionesculturapopular\/wp-json\/wp\/v2\/ajde_events"}],"about":[{"href":"https:\/\/www.mined.gob.ni\/mapatradicionesculturapopular\/wp-json\/wp\/v2\/types\/ajde_events"}],"author":[{"embeddable":true,"href":"https:\/\/www.mined.gob.ni\/mapatradicionesculturapopular\/wp-json\/wp\/v2\/users\/1"}],"version-history":[{"count":1,"href":"https:\/\/www.mined.gob.ni\/mapatradicionesculturapopular\/wp-json\/wp\/v2\/ajde_events\/10366\/revisions"}],"predecessor-version":[{"id":16644,"href":"https:\/\/www.mined.gob.ni\/mapatradicionesculturapopular\/wp-json\/wp\/v2\/ajde_events\/10366\/revisions\/16644"}],"wp:featuredmedia":[{"embeddable":true,"href":"https:\/\/www.mined.gob.ni\/mapatradicionesculturapopular\/wp-json\/"}],"wp:attachment":[{"href":"https:\/\/www.mined.gob.ni\/mapatradicionesculturapopular\/wp-json\/wp\/v2\/media?parent=10366"}],"wp:term":[{"taxonomy":"post_tag","embeddable":true,"href":"https:\/\/www.mined.gob.ni\/mapatradicionesculturapopular\/wp-json\/wp\/v2\/tags?post=10366"},{"taxonomy":"event_type","embeddable":true,"href":"https:\/\/www.mined.gob.ni\/mapatradicionesculturapopular\/wp-json\/wp\/v2\/event_type?post=10366"},{"taxonomy":"event_type_2","embeddable":true,"href":"https:\/\/www.mined.gob.ni\/mapatradicionesculturapopular\/wp-json\/wp\/v2\/event_type_2?post=10366"}],"curies":[{"name":"wp","href":"https:\/\/api.w.org\/{rel}","templated":true}]}}

<p align="justify">La Concepción, departamento de Masaya Las festividades de la Virgen Morena en la Concha se remontan a 1920, fue promovida por un sacerdote español de nombre Manuel Moreno, quien promulgó la tradición para celebrarse todos los 9 de febrero. En España se celebra a Montserrat el 27 de abril; cerca de Martorell, Barcelona, se localiza el Monasterio de Montserrat, donde se encuentra la imagen de la Virgen Morena, conocida como la Moreneta. Desde el siglo XIII su santuario era visitado por Reyes y Príncipes.</p>
<p align="justify">El 8 de febrero en horas de la mañana, la Virgen de Montserrat de la Concha escenifica un tope con las imágenes de San Marcos de la ciudad de San Marcos y San Juan Bautista, Patrono de San Juan de la Concha; el encuentro es en el sector conocido Las Pilas de Sapasmapa. Los promesantes y visitantes bailan al son de la marimba y de los sones de las Bandas filarmónicas, en medio del detonar de cohetes y morteros, luego regresan en procesión<br />
y recorren las principales calles y avenidas de la ciudad hasta concluir en horas de la tarde con una misa en la parroquia de la Concha.</p>
<p align="justify">El 9 es el día principal de la Virgen Morena, ese día “la función” está a cargo de un Obispo; hay bautizos y confirmas, la Virgen es homenajeada y los Santos Patrones visitantes saldrán en procesión y por la noche se llevan a cabo los juegos de pólvora, con cargas cerradas y cohetes y morteros. La “octava” es el 17 de febrero con el regreso de las Imágenes a sus respectivos templos y municipios.</p>
<p align="justify">Es infaltable en esta festividad la Hípica y las montaderas de toros, donde los sorteadores y montados se juegan la vida por una dádiva</p>
