{"id":10478,"date":"2024-01-06T01:24:17","date_gmt":"2024-01-06T01:24:17","guid":{"rendered":"https:\/\/www.mined.gob.ni\/mapatradicionesculturapopular\/?post_type=ajde_events&#038;p=10478"},"modified":"2024-01-06T01:24:17","modified_gmt":"2024-01-06T01:24:17","slug":"masaya-capital-del-folklore","status":"publish","type":"ajde_events","link":"https:\/\/www.mined.gob.ni\/mapatradicionesculturapopular\/events\/masaya-capital-del-folklore\/","title":{"rendered":"Masaya, Capital del Folklore"},"content":{"rendered":"<p align=\"justify\">Desde las diez de la ma\u00f1ana, el Obispo celebra una solemne Misa en su Iglesia de San Jer\u00f3nimo y a continuaci\u00f3n la tradicional procesi\u00f3n hacia la Parroquia de la Asunci\u00f3n. En el recorrido va tambi\u00e9n la imagen de San Miguel.<\/p>\n<p align=\"justify\">En Masaya, el desborde de fe y la magnitud de los bailes folkl\u00f3ricos hacen de esta fiesta la m\u00e1s prolongada y colorida de todas las fiestas patronales; en esta fiesta es donde hay m\u00e1s variedad de bailes folkl\u00f3ricos: Negras, Diablos, Mestizaje, H\u00fangaras, Fantas\u00eda, Inditas, los bailes de los Ag\u00fcizotes, Los Torovenados, etc.<\/p>\n<p align=\"justify\">Se luce el \u201cTorovenado del 30 de septiembre\u201d de Bismarck Suazo, \u00fanica salida en el a\u00f1o en esa misma fecha. Es la expresi\u00f3n m\u00e1s aut\u00e9ntica de todos los Torovenados de Monimb\u00f3<\/p>\n","protected":false},"author":1,"featured_media":-1,"menu_order":0,"template":"","meta":[],"tags":[],"event_type":[],"event_type_2":[],"class_list":["post-10478","ajde_events","type-ajde_events","status-publish","has-post-thumbnail","hentry"],"_links":{"self":[{"href":"https:\/\/www.mined.gob.ni\/mapatradicionesculturapopular\/wp-json\/wp\/v2\/ajde_events\/10478","targetHints":{"allow":["GET"]}}],"collection":[{"href":"https:\/\/www.mined.gob.ni\/mapatradicionesculturapopular\/wp-json\/wp\/v2\/ajde_events"}],"about":[{"href":"https:\/\/www.mined.gob.ni\/mapatradicionesculturapopular\/wp-json\/wp\/v2\/types\/ajde_events"}],"author":[{"embeddable":true,"href":"https:\/\/www.mined.gob.ni\/mapatradicionesculturapopular\/wp-json\/wp\/v2\/users\/1"}],"version-history":[{"count":0,"href":"https:\/\/www.mined.gob.ni\/mapatradicionesculturapopular\/wp-json\/wp\/v2\/ajde_events\/10478\/revisions"}],"wp:featuredmedia":[{"embeddable":true,"href":"https:\/\/www.mined.gob.ni\/mapatradicionesculturapopular\/wp-json\/"}],"wp:attachment":[{"href":"https:\/\/www.mined.gob.ni\/mapatradicionesculturapopular\/wp-json\/wp\/v2\/media?parent=10478"}],"wp:term":[{"taxonomy":"post_tag","embeddable":true,"href":"https:\/\/www.mined.gob.ni\/mapatradicionesculturapopular\/wp-json\/wp\/v2\/tags?post=10478"},{"taxonomy":"event_type","embeddable":true,"href":"https:\/\/www.mined.gob.ni\/mapatradicionesculturapopular\/wp-json\/wp\/v2\/event_type?post=10478"},{"taxonomy":"event_type_2","embeddable":true,"href":"https:\/\/www.mined.gob.ni\/mapatradicionesculturapopular\/wp-json\/wp\/v2\/event_type_2?post=10478"}],"curies":[{"name":"wp","href":"https:\/\/api.w.org\/{rel}","templated":true}]}}

<p align="justify">Desde las diez de la mañana, el Obispo celebra una solemne Misa en su Iglesia de San Jerónimo y a continuación la tradicional procesión hacia la Parroquia de la Asunción. En el recorrido va también la imagen de San Miguel.</p>
<p align="justify">En Masaya, el desborde de fe y la magnitud de los bailes folklóricos hacen de esta fiesta la más prolongada y colorida de todas las fiestas patronales; en esta fiesta es donde hay más variedad de bailes folklóricos: Negras, Diablos, Mestizaje, Húngaras, Fantasía, Inditas, los bailes de los Agüizotes, Los Torovenados, etc.</p>
<p align="justify">Se luce el “Torovenado del 30 de septiembre” de Bismarck Suazo, única salida en el año en esa misma fecha. Es la expresión más auténtica de todos los Torovenados de Monimbó</p>
