{"id":12824,"date":"2022-03-26T20:29:44","date_gmt":"2022-03-26T20:29:44","guid":{"rendered":"https:\/\/www.mined.gob.ni\/mapatradicionesculturapopular\/?page_id=12824"},"modified":"2024-09-08T05:18:35","modified_gmt":"2024-09-08T03:18:35","slug":"acerca-de","status":"publish","type":"page","link":"https:\/\/www.mined.gob.ni\/mapatradicionesculturapopular\/acerca-de\/","title":{"rendered":"Acerca de"},"content":{"rendered":"\t\t<div data-elementor-type=\"wp-page\" data-elementor-id=\"12824\" class=\"elementor elementor-12824\">\n\t\t\t\t\t\t<section class=\"elementor-section elementor-top-section elementor-element elementor-element-3f2df65 elementor-section-boxed elementor-section-height-default elementor-section-height-default\" data-id=\"3f2df65\" data-element_type=\"section\">\n\t\t\t\t\t\t<div class=\"elementor-container elementor-column-gap-default\">\n\t\t\t\t\t<div class=\"elementor-column elementor-col-100 elementor-top-column elementor-element elementor-element-d265bdb\" data-id=\"d265bdb\" data-element_type=\"column\">\n\t\t\t<div class=\"elementor-widget-wrap elementor-element-populated\">\n\t\t\t\t\t\t<div class=\"elementor-element elementor-element-72a6caf elementor-widget elementor-widget-heading\" data-id=\"72a6caf\" data-element_type=\"widget\" data-widget_type=\"heading.default\">\n\t\t\t\t<div class=\"elementor-widget-container\">\n\t\t\t<style>\/*! elementor - v3.20.0 - 26-03-2024 *\/\n.elementor-heading-title{padding:0;margin:0;line-height:1}.elementor-widget-heading .elementor-heading-title[class*=elementor-size-]>a{color:inherit;font-size:inherit;line-height:inherit}.elementor-widget-heading .elementor-heading-title.elementor-size-small{font-size:15px}.elementor-widget-heading .elementor-heading-title.elementor-size-medium{font-size:19px}.elementor-widget-heading .elementor-heading-title.elementor-size-large{font-size:29px}.elementor-widget-heading .elementor-heading-title.elementor-size-xl{font-size:39px}.elementor-widget-heading .elementor-heading-title.elementor-size-xxl{font-size:59px}<\/style><h3 class=\"elementor-heading-title elementor-size-default\">Mapa de la tradici\u00f3n nacional del arte y la cultura popular nicarag\u00fcense<\/h3>\t\t<\/div>\n\t\t\t\t<\/div>\n\t\t\t\t<div class=\"elementor-element elementor-element-dcd5749 elementor-widget elementor-widget-text-editor\" data-id=\"dcd5749\" data-element_type=\"widget\" data-widget_type=\"text-editor.default\">\n\t\t\t\t<div class=\"elementor-widget-container\">\n\t\t\t<style>\/*! elementor - v3.20.0 - 26-03-2024 *\/\n.elementor-widget-text-editor.elementor-drop-cap-view-stacked .elementor-drop-cap{background-color:#69727d;color:#fff}.elementor-widget-text-editor.elementor-drop-cap-view-framed .elementor-drop-cap{color:#69727d;border:3px solid;background-color:transparent}.elementor-widget-text-editor:not(.elementor-drop-cap-view-default) .elementor-drop-cap{margin-top:8px}.elementor-widget-text-editor:not(.elementor-drop-cap-view-default) .elementor-drop-cap-letter{width:1em;height:1em}.elementor-widget-text-editor .elementor-drop-cap{float:left;text-align:center;line-height:1;font-size:50px}.elementor-widget-text-editor .elementor-drop-cap-letter{display:inline-block}<\/style>\t\t\t\t<strong><span style=\"color: #fe1870;\">Nicaragua y sus esplendores<\/span>\n<\/strong>\n\n<strong>\u00a0<\/strong><em><strong>Por Wilmor Lopez<\/strong><\/em>\n<p align=\"justify\">Nicaragua es uno de los pa\u00edses m\u00e1s ricos en manifestaciones culturales populares en Am\u00e9rica.<\/p>\n<p align=\"justify\">Este es su mapa de la tradici\u00f3n nacional del arte y la cultura popular nicarag\u00fcense,<img fetchpriority=\"high\" decoding=\"async\" class=\"size-medium wp-image-13072 alignright\" src=\"https:\/\/www.mined.gob.ni\/mapatradicionesculturapopular\/wp-content\/uploads\/2024\/06\/cultura-276x300_6_11zon.webp\" alt=\"\" width=\"276\" height=\"300\" data-wp-editing=\"1\" \/> aqu\u00ed est\u00e1 en s\u00edntesis la esencia de su sabidur\u00eda popular, sus fiestas patronales, sus expresiones folcl\u00f3ricas, \u00a0celebraciones que encierran rituales, s\u00edmbolos y signos religiosos que denotan la existencia de un sincretismo en el cual aflora la persistencia de un mundo ind\u00edgena con la influencia de Espa\u00f1a y \u00c1frica, \u00a0constituyendo la tradici\u00f3n m\u00e1s valiosa y rica de nuestro pueblo, tambi\u00e9n surgen\u00a0 expresiones en transformaci\u00f3n, cambios positivos algunas veces y en otro momento son negativos.<\/p>\n<p align=\"justify\"><img decoding=\"async\" class=\"size-medium wp-image-13089 alignleft\" src=\"https:\/\/www.mined.gob.ni\/mapatradicionesculturapopular\/wp-content\/uploads\/2024\/06\/arte-03-300x271_2_11zon.webp\" alt=\"\" width=\"300\" height=\"271\" \/>En el mapa nacional de la tradici\u00f3n est\u00e1n los 15 departamentos y sus dos Regiones Aut\u00f3nomas del Caribe, son 153 municipios fortalecidos con fotos de sus fiestas patronales, gastronom\u00eda local, aspectos culturales de la Semana Santa, su artesan\u00eda, productos creativos art\u00edsticos y utilitarios, adjunto en una pesta\u00f1a va encontrar nuestra m\u00fasica, canciones folcl\u00f3ricas algunas cantadas y otras instrumentales, temas musicales de toda Nicaragua, el norte con sus polkas y mazurcas sin faltar el zapateado y el vals, el caribe norte con las piezas misquitas, el caribe sur con el ment\u00f3, piezas tradicionales del Palo de Mayo\u00a0 y la m\u00fasica con acento de \u00c1frica \u00a0de los gar\u00edfunas, es infaltable la regi\u00f3n sur del pa\u00eds, all\u00ed la m\u00fasica de marimba se oye y se baila con las inditas, con las Negras, las H\u00fangaras, la marimba cimbra hasta enaltecer nuestra identidad, el G\u00fceg\u00fcense sale a las calles, le acompa\u00f1a el Toro Huaco, El Gigante, la Vaquita en San Marcos, Los Zompopos en Altagracia, con Los bailes folcl\u00f3ricos\u00a0 llegan sus comidas y bebidas tradicionales, se reparten en el transcurso de la festividad, al son de los cohetes, bombas, toros encuetados, rezos familiares y en romer\u00edas, todo el esplendor de un pueblo promesante.<\/p>\n<p align=\"justify\">La m\u00fasica de filarm\u00f3nicos es la de mayor arraigo, el son de toros o de cachos es el predominante por encima de la marimba de arco, gozando de popularidad en el pac\u00edfico, en el centro, norte y el caribe, estos sones est\u00e1n alojados en la pesta\u00f1a Expresiones Musicales.<\/p>\n<span style=\"color: #fe1870;\"><strong>Bailantes y promesantes<\/strong><\/span>\n<p align=\"justify\">En este escenario de la tradici\u00f3n van desfilando como si se tratara de una pasarela, los negros promesantes del Diri\u00e1, aunque nadie se pinta de negro, sin embargo, as\u00ed se les conoce popularmente, en medio del baile sale la Yeg\u00fcita con su Pitero, esta costumbre se est\u00e1 perdiendo paulatinamente debido a la falta del relevo generacional y la reducci\u00f3n del tama\u00f1o de la astilla, le siguen Los Chinegros de Nindir\u00ed, Los Moros y Cristianos de Boaco, Los Torovenadistas de Masaya, los mantudos de San Pascual de Chinandega, los Diablos de Nagarote, pero tambi\u00e9n est\u00e1n en Masaya, Jinotepe, Nandaime y La Conquista, la m\u00e1scara es su alter ego.<\/p>\n<span style=\"color: #fe1870;\"><strong>Bebidas y comidas t\u00edpicas<\/strong><\/span>\n\n<img decoding=\"async\" class=\"wp-image-13106 alignright\" src=\"https:\/\/www.mined.gob.ni\/mapatradicionesculturapopular\/wp-content\/uploads\/2024\/06\/comida-03-2_3_11zon.webp\" alt=\"\" width=\"259\" height=\"262\" \/>\n<p align=\"justify\">En el mapa nacional de la tradici\u00f3n tambi\u00e9n abordamos las comidas y bebidas t\u00edpicas siendo la masa de cazuela o indio viejo la comida preferida por los fiesteros. En la mayor\u00eda de los casos, las comidas y bebidas son similares, se derivan del ma\u00edz, no se quedan atr\u00e1s las cosas de hornos, rosquillas, bollos, perrerreques, rosquetes, cajetas, y en las bebidas la chicha de ma\u00edz, de jengibre, siliano, las otras comidas son nacatamales, arroz aguado, cabeza de chancho con yuca cocida, pebre y sopa de res. En la zona norte\u00f1a de Matagalpa la comida popular es el marol, af\u00edn al Indio Viejo, con la diferencia que entre sus condimentos figura el chile.<\/p>\n<p align=\"justify\">El marol es favorito en Terrabona, S\u00e9baco y Las Calabazas. Tambi\u00e9n se reparte como comida principal en las velas de difuntos. El Marol es parecido al Picadillo, o masa de cazuela de la Meseta de los Pueblos. La cusnaca es el postre o dulce tradicional m\u00e1s consumido en la zona norte, hecho con jocote, az\u00facar leche y agua.<\/p>\n<strong><span style=\"color: #fe1870;\">Semana Santa<\/span>\n<\/strong>\n<p align=\"justify\">La semana santa se considera una de las solemnidades mayores de todo el cristianismo, se le llama la semana mayor, comprende ocho d\u00edas, empieza el domingo de Ramos y finaliza el domingo de Resurrecci\u00f3n. Alfombras policromadas de aserr\u00edn en Le\u00f3n, Judeas en Monimb\u00f3, Maratones religiosos en Nandaime, Viacrucis acu\u00e1ticos, procesiones en Las Segovias, Resurrecci\u00f3n en La Concepci\u00f3n, Huertos del Se\u00f1or, nuestra semana santa es austera, penitencial, incluso influye hasta el clima que se vuelve ardiente y seco.<\/p>\n<span style=\"color: #fe1870;\"><strong>La vena africana, arteria en la nacionalidad nicarag\u00fcense<\/strong><\/span>\n\n<img loading=\"lazy\" decoding=\"async\" class=\"size-medium wp-image-13174 alignleft\" src=\"https:\/\/www.mined.gob.ni\/mapatradicionesculturapopular\/wp-content\/uploads\/2024\/06\/costa-caribe-norte-1-300x300_1_11zon.webp\" alt=\"\" width=\"300\" height=\"300\" \/>\n<p align=\"justify\">El mapa presenta ese costado del caribe, no hay que olvidar que la raza negra nos cubre y nos nombra, se nos meti\u00f3 en nuestra vida y hoy nos hace bailar al ritmo de los instrumentos africanos: tambores, marimba, g\u00fciro, claves, etc. Nicaragua recibi\u00f3 esta vertiente desde el Caribe (Jamaica) con el arribo de los esclavos africanos nos vino su cultura, sus comidas, sus rituales, sus lenguas (los esclavos proven\u00edan de etnias distintas). En el Caribe nicarag\u00fcense en mayo, agosto y noviembre el tambor africano suena, no est\u00e1 olvidado, palpita al ritmo del Palo de Mayo en Bluefields y del Walagallo en Orinoco y sus danzas de puntas y parrandas.\u00a0 As\u00ed mismo las culturas ind\u00edgenas misquitas, mayagna y ramakies perduran en sus rituales ancestrales. Cada municipio y cabecera departamental tienen su manera de celebrar o conmemorar. Expresiones de un gran valor cultural y potencial tur\u00edstico, sin perder su sentido devocional, porque perfectamente se puede combinar lo religioso con lo popular. En la gastronom\u00eda es donde m\u00e1s se asienta el mestizaje Nicarag\u00fcense, el ma\u00edz fue un grano sabrado para los ind\u00edgenas y Xilonem fue la Diosa.<\/p>\n<img loading=\"lazy\" decoding=\"async\" class=\"size-medium wp-image-13175 alignright\" src=\"https:\/\/www.mined.gob.ni\/mapatradicionesculturapopular\/wp-content\/uploads\/2024\/06\/costa-caribe-norte-du-1-300x257_5_11zon.webp\" alt=\"\" width=\"300\" height=\"257\" \/>\n<p align=\"justify\">Un capitulo aparte es la artesan\u00eda nacional, las manos creativas de hombres y mujeres construyen diversas obras para adorno y uso cotidiano, con piedras, lata, hierro, conchas de mar, fibras vegetales, cueros, maderas de distintas clases, carey, coral rojo y coral negro, madera de rosa, tuza, tuno, madera de balsa, palma de petate, mimbre, tule, junco, bamb\u00fa, j\u00edcaras, barro cocido, semillas secas, marmolina, tejidos o bordados, en fin, una suerte de materiales al servicio de la creatividad del pueblo, su variedad es inmensa, llenas de color.<\/p>\n<p align=\"justify\">Este Mapa Nacional de la Tradici\u00f3n, del Arte y la Cultura Popular Nicarag\u00fcense tiene el respaldo del Gobierno de Reconciliaci\u00f3n y Unidad Nacional en toda su magnitud, un Gobierno cultural, de amor, con la voz y el aliento del pueblo, un pueblo presidente, que nos dice adelante, estamos cumpliendo.<\/p>\t\t\t\t\t\t<\/div>\n\t\t\t\t<\/div>\n\t\t\t\t\t<\/div>\n\t\t<\/div>\n\t\t\t\t\t<\/div>\n\t\t<\/section>\n\t\t\t\t<\/div>\n\t\t","protected":false},"excerpt":{"rendered":"<p>Mapa de la tradici\u00f3n nacional del arte y la cultura popular nicarag\u00fcense Nicaragua y sus esplendores \u00a0Por Wilmor Lopez Nicaragua es uno de los pa\u00edses m\u00e1s ricos en manifestaciones culturales populares en Am\u00e9rica. Este es su mapa de la tradici\u00f3n nacional del arte y la cultura popular nicarag\u00fcense, aqu\u00ed est\u00e1 en s\u00edntesis la esencia de &hellip; <\/p>\n","protected":false},"author":1,"featured_media":0,"parent":0,"menu_order":0,"comment_status":"closed","ping_status":"closed","template":"page-sidebar-no.php","meta":{"footnotes":""},"class_list":["post-12824","page","type-page","status-publish","hentry"],"_links":{"self":[{"href":"https:\/\/www.mined.gob.ni\/mapatradicionesculturapopular\/wp-json\/wp\/v2\/pages\/12824","targetHints":{"allow":["GET"]}}],"collection":[{"href":"https:\/\/www.mined.gob.ni\/mapatradicionesculturapopular\/wp-json\/wp\/v2\/pages"}],"about":[{"href":"https:\/\/www.mined.gob.ni\/mapatradicionesculturapopular\/wp-json\/wp\/v2\/types\/page"}],"author":[{"embeddable":true,"href":"https:\/\/www.mined.gob.ni\/mapatradicionesculturapopular\/wp-json\/wp\/v2\/users\/1"}],"replies":[{"embeddable":true,"href":"https:\/\/www.mined.gob.ni\/mapatradicionesculturapopular\/wp-json\/wp\/v2\/comments?post=12824"}],"version-history":[{"count":16,"href":"https:\/\/www.mined.gob.ni\/mapatradicionesculturapopular\/wp-json\/wp\/v2\/pages\/12824\/revisions"}],"predecessor-version":[{"id":16622,"href":"https:\/\/www.mined.gob.ni\/mapatradicionesculturapopular\/wp-json\/wp\/v2\/pages\/12824\/revisions\/16622"}],"wp:attachment":[{"href":"https:\/\/www.mined.gob.ni\/mapatradicionesculturapopular\/wp-json\/wp\/v2\/media?parent=12824"}],"curies":[{"name":"wp","href":"https:\/\/api.w.org\/{rel}","templated":true}]}}